{"id":11105,"date":"2021-03-19T11:21:51","date_gmt":"2021-03-19T15:21:51","guid":{"rendered":"https:\/\/cpar.ufms.br\/files\/2021\/03\/Sem-t\u00edtulo.png"},"modified":"2021-03-19T11:21:51","modified_gmt":"2021-03-19T15:21:51","slug":"sem-titulo-8","status":"inherit","type":"attachment","link":"https:\/\/cpar.ufms.br\/en\/guia-do-calouro\/sem-titulo-8\/","title":{"rendered":"Sem t\u00edtulo"},"author":1381,"featured_media":0,"comment_status":"closed","ping_status":"closed","template":"","meta":[],"class_list":["post-11105","attachment","type-attachment","status-inherit","hentry"],"yoast_head":"<!-- This site is optimized with the Yoast SEO plugin v26.2 - https:\/\/yoast.com\/wordpress\/plugins\/seo\/ -->\n<title>Sem t\u00edtulo - CPAR - Campus de Parana\u00edba<\/title>\n<meta name=\"robots\" content=\"index, follow, max-snippet:-1, max-image-preview:large, max-video-preview:-1\" \/>\n<link rel=\"canonical\" href=\"https:\/\/cpar.ufms.br\/files\/2021\/03\/Sem-t\u00edtulo.png\" \/>\n<meta property=\"og:locale\" content=\"en_US\" \/>\n<meta property=\"og:type\" content=\"article\" \/>\n<meta property=\"og:title\" content=\"Sem t\u00edtulo - CPAR - Campus de Parana\u00edba\" \/>\n<meta property=\"og:url\" content=\"https:\/\/cpar.ufms.br\/files\/2021\/03\/Sem-t\u00edtulo.png\" \/>\n<meta property=\"og:site_name\" content=\"CPAR - Campus de Parana\u00edba\" \/>\n<meta property=\"og:image\" content=\"https:\/\/cpar.ufms.br\/files\/2021\/03\/Sem-t\u00edtulo.png\" \/>\n\t<meta property=\"og:image:width\" content=\"596\" \/>\n\t<meta property=\"og:image:height\" content=\"307\" \/>\n\t<meta property=\"og:image:type\" content=\"image\/png\" \/>\n<meta name=\"twitter:label1\" content=\"Written by\" \/>\n\t<meta name=\"twitter:data1\" content=\"dirceu.matos\" \/>\n<script type=\"application\/ld+json\" class=\"yoast-schema-graph\">{\"@context\":\"https:\/\/schema.org\",\"@graph\":[{\"@type\":\"WebPage\",\"@id\":\"https:\/\/cpar.ufms.br\/files\/2021\/03\/Sem-t\u00edtulo.png\",\"url\":\"https:\/\/cpar.ufms.br\/files\/2021\/03\/Sem-t\u00edtulo.png\",\"name\":\"Sem t\u00edtulo - CPAR - Campus de Parana\u00edba\",\"isPartOf\":{\"@id\":\"https:\/\/cpar.ufms.br\/#website\"},\"datePublished\":\"2021-03-19T15:21:51+00:00\",\"breadcrumb\":{\"@id\":\"https:\/\/cpar.ufms.br\/files\/2021\/03\/Sem-t\u00edtulo.png#breadcrumb\"},\"inLanguage\":\"en-US\",\"potentialAction\":[{\"@type\":\"ReadAction\",\"target\":[\"https:\/\/cpar.ufms.br\/files\/2021\/03\/Sem-t\u00edtulo.png\"]}]},{\"@type\":\"BreadcrumbList\",\"@id\":\"https:\/\/cpar.ufms.br\/files\/2021\/03\/Sem-t\u00edtulo.png#breadcrumb\",\"itemListElement\":[{\"@type\":\"ListItem\",\"position\":1,\"name\":\"In\u00edcio\",\"item\":\"https:\/\/cpar.ufms.br\/\"},{\"@type\":\"ListItem\",\"position\":2,\"name\":\"Guia do Calouro 2026\",\"item\":\"https:\/\/cpar.ufms.br\/guia-do-calouro\/\"},{\"@type\":\"ListItem\",\"position\":3,\"name\":\"Sem t\u00edtulo\"}]},{\"@type\":\"WebSite\",\"@id\":\"https:\/\/cpar.ufms.br\/#website\",\"url\":\"https:\/\/cpar.ufms.br\/\",\"name\":\"CPAR - Campus de Parana\u00edba\",\"description\":\"Universidade Federal de Mato Grosso do Sul\",\"potentialAction\":[{\"@type\":\"SearchAction\",\"target\":{\"@type\":\"EntryPoint\",\"urlTemplate\":\"https:\/\/cpar.ufms.br\/?s={search_term_string}\"},\"query-input\":{\"@type\":\"PropertyValueSpecification\",\"valueRequired\":true,\"valueName\":\"search_term_string\"}}],\"inLanguage\":\"en-US\"}]}<\/script>\n<!-- \/ Yoast SEO plugin. -->","yoast_head_json":{"title":"Sem t\u00edtulo - CPAR - Campus de Parana\u00edba","robots":{"index":"index","follow":"follow","max-snippet":"max-snippet:-1","max-image-preview":"max-image-preview:large","max-video-preview":"max-video-preview:-1"},"canonical":"https:\/\/cpar.ufms.br\/files\/2021\/03\/Sem-t\u00edtulo.png","og_locale":"en_US","og_type":"article","og_title":"Sem t\u00edtulo - CPAR - Campus de Parana\u00edba","og_url":"https:\/\/cpar.ufms.br\/files\/2021\/03\/Sem-t\u00edtulo.png","og_site_name":"CPAR - Campus de Parana\u00edba","og_image":[{"width":596,"height":307,"url":"https:\/\/cpar.ufms.br\/files\/2021\/03\/Sem-t\u00edtulo.png","type":"image\/png"}],"twitter_misc":{"Written by":"dirceu.matos"},"schema":{"@context":"https:\/\/schema.org","@graph":[{"@type":"WebPage","@id":"https:\/\/cpar.ufms.br\/files\/2021\/03\/Sem-t\u00edtulo.png","url":"https:\/\/cpar.ufms.br\/files\/2021\/03\/Sem-t\u00edtulo.png","name":"Sem t\u00edtulo - CPAR - Campus de Parana\u00edba","isPartOf":{"@id":"https:\/\/cpar.ufms.br\/#website"},"datePublished":"2021-03-19T15:21:51+00:00","breadcrumb":{"@id":"https:\/\/cpar.ufms.br\/files\/2021\/03\/Sem-t\u00edtulo.png#breadcrumb"},"inLanguage":"en-US","potentialAction":[{"@type":"ReadAction","target":["https:\/\/cpar.ufms.br\/files\/2021\/03\/Sem-t\u00edtulo.png"]}]},{"@type":"BreadcrumbList","@id":"https:\/\/cpar.ufms.br\/files\/2021\/03\/Sem-t\u00edtulo.png#breadcrumb","itemListElement":[{"@type":"ListItem","position":1,"name":"In\u00edcio","item":"https:\/\/cpar.ufms.br\/"},{"@type":"ListItem","position":2,"name":"Guia do Calouro 2026","item":"https:\/\/cpar.ufms.br\/guia-do-calouro\/"},{"@type":"ListItem","position":3,"name":"Sem t\u00edtulo"}]},{"@type":"WebSite","@id":"https:\/\/cpar.ufms.br\/#website","url":"https:\/\/cpar.ufms.br\/","name":"CPAR - Campus de Parana\u00edba","description":"Universidade Federal de Mato Grosso do Sul","potentialAction":[{"@type":"SearchAction","target":{"@type":"EntryPoint","urlTemplate":"https:\/\/cpar.ufms.br\/?s={search_term_string}"},"query-input":{"@type":"PropertyValueSpecification","valueRequired":true,"valueName":"search_term_string"}}],"inLanguage":"en-US"}]}},"description":{"rendered":"<p class=\"attachment\"><a href='https:\/\/cpar.ufms.br\/files\/2021\/03\/Sem-t\u00edtulo.png'><img decoding=\"async\" width=\"300\" height=\"155\" src=\"https:\/\/cpar.ufms.br\/files\/2021\/03\/Sem-t\u00edtulo-300x155.png\" class=\"attachment-medium size-medium\" alt=\"\" srcset=\"https:\/\/cpar.ufms.br\/files\/2021\/03\/Sem-t\u00edtulo-300x155.png 300w, https:\/\/cpar.ufms.br\/files\/2021\/03\/Sem-t\u00edtulo.png 596w\" sizes=\"(max-width: 300px) 100vw, 300px\" \/><\/a><\/p>\n"},"caption":{"rendered":""},"alt_text":"","media_type":"image","mime_type":"image\/png","media_details":{"width":596,"height":307,"file":"2021\/03\/Sem-t\u00edtulo.png","sizes":{"thumbnail":{"file":"Sem-t\u00edtulo-150x150.png","width":150,"height":150,"mime_type":"image\/png","source_url":"https:\/\/cpar.ufms.br\/files\/2021\/03\/Sem-t\u00edtulo-150x150.png"},"medium":{"file":"Sem-t\u00edtulo-300x155.png","width":300,"height":155,"mime_type":"image\/png","source_url":"https:\/\/cpar.ufms.br\/files\/2021\/03\/Sem-t\u00edtulo-300x155.png"},"thumbnail-categoria":{"file":"Sem-t\u00edtulo-596x200.png","width":596,"height":200,"mime_type":"image\/png","source_url":"https:\/\/cpar.ufms.br\/files\/2021\/03\/Sem-t\u00edtulo-596x200.png"},"img-boxes":{"file":"Sem-t\u00edtulo-350x233.png","width":350,"height":233,"mime_type":"image\/png","source_url":"https:\/\/cpar.ufms.br\/files\/2021\/03\/Sem-t\u00edtulo-350x233.png"},"img-2":{"file":"Sem-t\u00edtulo-350x233.png","width":350,"height":233,"mime_type":"image\/png","source_url":"https:\/\/cpar.ufms.br\/files\/2021\/03\/Sem-t\u00edtulo-350x233.png"},"img-1":{"file":"Sem-t\u00edtulo-555x233.png","width":555,"height":233,"mime_type":"image\/png","source_url":"https:\/\/cpar.ufms.br\/files\/2021\/03\/Sem-t\u00edtulo-555x233.png"},"full":{"file":"Sem-t\u00edtulo.png","width":596,"height":307,"mime_type":"image\/png","source_url":"https:\/\/cpar.ufms.br\/files\/2021\/03\/Sem-t\u00edtulo.png"}},"image_meta":{"aperture":"0","credit":"","camera":"","caption":"","created_timestamp":"0","copyright":"","focal_length":"0","iso":"0","shutter_speed":"0","title":"","orientation":"0","keywords":[]}},"post":11098,"source_url":"https:\/\/cpar.ufms.br\/files\/2021\/03\/Sem-t\u00edtulo.png","_links":{"self":[{"href":"https:\/\/cpar.ufms.br\/en\/wp-json\/wp\/v2\/media\/11105","targetHints":{"allow":["GET"]}}],"collection":[{"href":"https:\/\/cpar.ufms.br\/en\/wp-json\/wp\/v2\/media"}],"about":[{"href":"https:\/\/cpar.ufms.br\/en\/wp-json\/wp\/v2\/types\/attachment"}],"author":[{"embeddable":true,"href":"https:\/\/cpar.ufms.br\/en\/wp-json\/wp\/v2\/users\/1381"}],"replies":[{"embeddable":true,"href":"https:\/\/cpar.ufms.br\/en\/wp-json\/wp\/v2\/comments?post=11105"}]}}

https://cpar.ufms.br/files/2021/03/Sem-título.png

Sem título

<!-- This site is optimized with the Yoast SEO plugin v26.2 - https://yoast.com/wordpress/plugins/seo/ -->
<title>Sem título - CPAR - Campus de Paranaíba</title>
<meta name="robots" content="index, follow, max-snippet:-1, max-image-preview:large, max-video-preview:-1" />
<link rel="canonical" href="https://cpar.ufms.br/files/2021/03/Sem-título.png" />
<meta property="og:locale" content="en_US" />
<meta property="og:type" content="article" />
<meta property="og:title" content="Sem título - CPAR - Campus de Paranaíba" />
<meta property="og:url" content="https://cpar.ufms.br/files/2021/03/Sem-título.png" />
<meta property="og:site_name" content="CPAR - Campus de Paranaíba" />
<meta property="og:image" content="https://cpar.ufms.br/files/2021/03/Sem-título.png" />
	<meta property="og:image:width" content="596" />
	<meta property="og:image:height" content="307" />
	<meta property="og:image:type" content="image/png" />
<meta name="twitter:label1" content="Written by" />
	<meta name="twitter:data1" content="dirceu.matos" />
<script type="application/ld+json" class="yoast-schema-graph">{"@context":"https://schema.org","@graph":[{"@type":"WebPage","@id":"https://cpar.ufms.br/files/2021/03/Sem-título.png","url":"https://cpar.ufms.br/files/2021/03/Sem-título.png","name":"Sem título - CPAR - Campus de Paranaíba","isPartOf":{"@id":"https://cpar.ufms.br/#website"},"datePublished":"2021-03-19T15:21:51+00:00","breadcrumb":{"@id":"https://cpar.ufms.br/files/2021/03/Sem-título.png#breadcrumb"},"inLanguage":"en-US","potentialAction":[{"@type":"ReadAction","target":["https://cpar.ufms.br/files/2021/03/Sem-título.png"]}]},{"@type":"BreadcrumbList","@id":"https://cpar.ufms.br/files/2021/03/Sem-título.png#breadcrumb","itemListElement":[{"@type":"ListItem","position":1,"name":"Início","item":"https://cpar.ufms.br/"},{"@type":"ListItem","position":2,"name":"Guia do Calouro 2026","item":"https://cpar.ufms.br/guia-do-calouro/"},{"@type":"ListItem","position":3,"name":"Sem título"}]},{"@type":"WebSite","@id":"https://cpar.ufms.br/#website","url":"https://cpar.ufms.br/","name":"CPAR - Campus de Paranaíba","description":"Universidade Federal de Mato Grosso do Sul","potentialAction":[{"@type":"SearchAction","target":{"@type":"EntryPoint","urlTemplate":"https://cpar.ufms.br/?s={search_term_string}"},"query-input":{"@type":"PropertyValueSpecification","valueRequired":true,"valueName":"search_term_string"}}],"inLanguage":"en-US"}]}</script>
<!-- / Yoast SEO plugin. -->

Sem título - CPAR - Campus de Paranaíba

CPAR - Campus de Paranaíba

https://cpar.ufms.br/files/2021/03/Sem-título.png#breadcrumb

Início

<p class="attachment"><a href='https://cpar.ufms.br/files/2021/03/Sem-título.png'><img decoding="async" width="300" height="155" src="https://cpar.ufms.br/files/2021/03/Sem-título-300x155.png" class="attachment-medium size-medium" alt="" srcset="https://cpar.ufms.br/files/2021/03/Sem-título-300x155.png 300w, https://cpar.ufms.br/files/2021/03/Sem-título.png 596w" sizes="(max-width: 300px) 100vw, 300px" /></a></p>

2021/03/Sem-título.png

Sem-título-150x150.png

https://cpar.ufms.br/files/2021/03/Sem-título-150x150.png

Sem-título-300x155.png

https://cpar.ufms.br/files/2021/03/Sem-título-300x155.png

Sem-título-596x200.png

https://cpar.ufms.br/files/2021/03/Sem-título-596x200.png

Sem-título-350x233.png

https://cpar.ufms.br/files/2021/03/Sem-título-350x233.png

Sem-título-555x233.png

https://cpar.ufms.br/files/2021/03/Sem-título-555x233.png

Sem-título.png
