{"id":11201,"date":"2021-04-09T07:56:41","date_gmt":"2021-04-09T11:56:41","guid":{"rendered":"https:\/\/cpar.ufms.br\/files\/2021\/04\/residencia-pedag\u00f3gica.png"},"modified":"2021-04-09T07:56:41","modified_gmt":"2021-04-09T11:56:41","slug":"residencia-pedagogica-2","status":"inherit","type":"attachment","link":"https:\/\/cpar.ufms.br\/en\/11199-2\/residencia-pedagogica-2\/","title":{"rendered":"residencia pedag\u00f3gica"},"author":12416,"featured_media":0,"comment_status":"closed","ping_status":"closed","template":"","meta":[],"class_list":["post-11201","attachment","type-attachment","status-inherit","hentry"],"yoast_head":"<!-- This site is optimized with the Yoast SEO plugin v26.2 - https:\/\/yoast.com\/wordpress\/plugins\/seo\/ -->\n<title>residencia pedag\u00f3gica - CPAR - Campus de Parana\u00edba<\/title>\n<meta name=\"robots\" content=\"index, follow, max-snippet:-1, max-image-preview:large, max-video-preview:-1\" \/>\n<link rel=\"canonical\" href=\"https:\/\/cpar.ufms.br\/files\/2021\/04\/residencia-pedag\u00f3gica.png\" \/>\n<meta property=\"og:locale\" content=\"en_US\" \/>\n<meta property=\"og:type\" content=\"article\" \/>\n<meta property=\"og:title\" content=\"residencia pedag\u00f3gica - CPAR - Campus de Parana\u00edba\" \/>\n<meta property=\"og:url\" content=\"https:\/\/cpar.ufms.br\/files\/2021\/04\/residencia-pedag\u00f3gica.png\" \/>\n<meta property=\"og:site_name\" content=\"CPAR - Campus de Parana\u00edba\" \/>\n<meta property=\"og:image\" content=\"https:\/\/cpar.ufms.br\/files\/2021\/04\/residencia-pedag\u00f3gica.png\" \/>\n\t<meta property=\"og:image:width\" content=\"245\" \/>\n\t<meta property=\"og:image:height\" content=\"206\" \/>\n\t<meta property=\"og:image:type\" content=\"image\/png\" \/>\n<meta name=\"twitter:label1\" content=\"Written by\" \/>\n\t<meta name=\"twitter:data1\" content=\"BRUNNA DE OLIVEIRA FREITAS\" \/>\n<script type=\"application\/ld+json\" class=\"yoast-schema-graph\">{\"@context\":\"https:\/\/schema.org\",\"@graph\":[{\"@type\":\"WebPage\",\"@id\":\"https:\/\/cpar.ufms.br\/files\/2021\/04\/residencia-pedag\u00f3gica.png\",\"url\":\"https:\/\/cpar.ufms.br\/files\/2021\/04\/residencia-pedag\u00f3gica.png\",\"name\":\"residencia pedag\u00f3gica - CPAR - Campus de Parana\u00edba\",\"isPartOf\":{\"@id\":\"https:\/\/cpar.ufms.br\/#website\"},\"datePublished\":\"2021-04-09T11:56:41+00:00\",\"breadcrumb\":{\"@id\":\"https:\/\/cpar.ufms.br\/files\/2021\/04\/residencia-pedag\u00f3gica.png#breadcrumb\"},\"inLanguage\":\"en-US\",\"potentialAction\":[{\"@type\":\"ReadAction\",\"target\":[\"https:\/\/cpar.ufms.br\/files\/2021\/04\/residencia-pedag\u00f3gica.png\"]}]},{\"@type\":\"BreadcrumbList\",\"@id\":\"https:\/\/cpar.ufms.br\/files\/2021\/04\/residencia-pedag\u00f3gica.png#breadcrumb\",\"itemListElement\":[{\"@type\":\"ListItem\",\"position\":1,\"name\":\"In\u00edcio\",\"item\":\"https:\/\/cpar.ufms.br\/\"},{\"@type\":\"ListItem\",\"position\":2,\"name\":\"SELE\u00c7\u00c3O DE ESTUDANTES PARA O PROGRAMA DE RESID\u00caNCIA PEDAG\u00d3GICA\",\"item\":\"https:\/\/cpar.ufms.br\/11199-2\/\"},{\"@type\":\"ListItem\",\"position\":3,\"name\":\"residencia pedag\u00f3gica\"}]},{\"@type\":\"WebSite\",\"@id\":\"https:\/\/cpar.ufms.br\/#website\",\"url\":\"https:\/\/cpar.ufms.br\/\",\"name\":\"CPAR - Campus de Parana\u00edba\",\"description\":\"Universidade Federal de Mato Grosso do Sul\",\"potentialAction\":[{\"@type\":\"SearchAction\",\"target\":{\"@type\":\"EntryPoint\",\"urlTemplate\":\"https:\/\/cpar.ufms.br\/?s={search_term_string}\"},\"query-input\":{\"@type\":\"PropertyValueSpecification\",\"valueRequired\":true,\"valueName\":\"search_term_string\"}}],\"inLanguage\":\"en-US\"}]}<\/script>\n<!-- \/ Yoast SEO plugin. -->","yoast_head_json":{"title":"residencia pedag\u00f3gica - CPAR - Campus de Parana\u00edba","robots":{"index":"index","follow":"follow","max-snippet":"max-snippet:-1","max-image-preview":"max-image-preview:large","max-video-preview":"max-video-preview:-1"},"canonical":"https:\/\/cpar.ufms.br\/files\/2021\/04\/residencia-pedag\u00f3gica.png","og_locale":"en_US","og_type":"article","og_title":"residencia pedag\u00f3gica - CPAR - Campus de Parana\u00edba","og_url":"https:\/\/cpar.ufms.br\/files\/2021\/04\/residencia-pedag\u00f3gica.png","og_site_name":"CPAR - Campus de Parana\u00edba","og_image":[{"width":245,"height":206,"url":"https:\/\/cpar.ufms.br\/files\/2021\/04\/residencia-pedag\u00f3gica.png","type":"image\/png"}],"twitter_misc":{"Written by":"BRUNNA DE OLIVEIRA FREITAS"},"schema":{"@context":"https:\/\/schema.org","@graph":[{"@type":"WebPage","@id":"https:\/\/cpar.ufms.br\/files\/2021\/04\/residencia-pedag\u00f3gica.png","url":"https:\/\/cpar.ufms.br\/files\/2021\/04\/residencia-pedag\u00f3gica.png","name":"residencia pedag\u00f3gica - CPAR - Campus de Parana\u00edba","isPartOf":{"@id":"https:\/\/cpar.ufms.br\/#website"},"datePublished":"2021-04-09T11:56:41+00:00","breadcrumb":{"@id":"https:\/\/cpar.ufms.br\/files\/2021\/04\/residencia-pedag\u00f3gica.png#breadcrumb"},"inLanguage":"en-US","potentialAction":[{"@type":"ReadAction","target":["https:\/\/cpar.ufms.br\/files\/2021\/04\/residencia-pedag\u00f3gica.png"]}]},{"@type":"BreadcrumbList","@id":"https:\/\/cpar.ufms.br\/files\/2021\/04\/residencia-pedag\u00f3gica.png#breadcrumb","itemListElement":[{"@type":"ListItem","position":1,"name":"In\u00edcio","item":"https:\/\/cpar.ufms.br\/"},{"@type":"ListItem","position":2,"name":"SELE\u00c7\u00c3O DE ESTUDANTES PARA O PROGRAMA DE RESID\u00caNCIA PEDAG\u00d3GICA","item":"https:\/\/cpar.ufms.br\/11199-2\/"},{"@type":"ListItem","position":3,"name":"residencia pedag\u00f3gica"}]},{"@type":"WebSite","@id":"https:\/\/cpar.ufms.br\/#website","url":"https:\/\/cpar.ufms.br\/","name":"CPAR - Campus de Parana\u00edba","description":"Universidade Federal de Mato Grosso do Sul","potentialAction":[{"@type":"SearchAction","target":{"@type":"EntryPoint","urlTemplate":"https:\/\/cpar.ufms.br\/?s={search_term_string}"},"query-input":{"@type":"PropertyValueSpecification","valueRequired":true,"valueName":"search_term_string"}}],"inLanguage":"en-US"}]}},"description":{"rendered":"<p class=\"attachment\"><a href='https:\/\/cpar.ufms.br\/files\/2021\/04\/residencia-pedag\u00f3gica.png'><img fetchpriority=\"high\" decoding=\"async\" width=\"245\" height=\"206\" src=\"https:\/\/cpar.ufms.br\/files\/2021\/04\/residencia-pedag\u00f3gica.png\" class=\"attachment-medium size-medium\" alt=\"\" \/><\/a><\/p>\n"},"caption":{"rendered":""},"alt_text":"","media_type":"image","mime_type":"image\/png","media_details":{"width":245,"height":206,"file":"2021\/04\/residencia-pedag\u00f3gica.png","sizes":{"thumbnail":{"file":"residencia-pedag\u00f3gica-150x150.png","width":150,"height":150,"mime_type":"image\/png","source_url":"https:\/\/cpar.ufms.br\/files\/2021\/04\/residencia-pedag\u00f3gica-150x150.png"},"thumbnail-categoria":{"file":"residencia-pedag\u00f3gica-245x200.png","width":245,"height":200,"mime_type":"image\/png","source_url":"https:\/\/cpar.ufms.br\/files\/2021\/04\/residencia-pedag\u00f3gica-245x200.png"},"full":{"file":"residencia-pedag\u00f3gica.png","width":245,"height":206,"mime_type":"image\/png","source_url":"https:\/\/cpar.ufms.br\/files\/2021\/04\/residencia-pedag\u00f3gica.png"}},"image_meta":{"aperture":"0","credit":"","camera":"","caption":"","created_timestamp":"0","copyright":"","focal_length":"0","iso":"0","shutter_speed":"0","title":"","orientation":"0","keywords":[]}},"post":11199,"source_url":"https:\/\/cpar.ufms.br\/files\/2021\/04\/residencia-pedag\u00f3gica.png","_links":{"self":[{"href":"https:\/\/cpar.ufms.br\/en\/wp-json\/wp\/v2\/media\/11201","targetHints":{"allow":["GET"]}}],"collection":[{"href":"https:\/\/cpar.ufms.br\/en\/wp-json\/wp\/v2\/media"}],"about":[{"href":"https:\/\/cpar.ufms.br\/en\/wp-json\/wp\/v2\/types\/attachment"}],"author":[{"embeddable":true,"href":"https:\/\/cpar.ufms.br\/en\/wp-json\/wp\/v2\/users\/12416"}],"replies":[{"embeddable":true,"href":"https:\/\/cpar.ufms.br\/en\/wp-json\/wp\/v2\/comments?post=11201"}]}}

https://cpar.ufms.br/files/2021/04/residencia-pedagógica.png

residencia pedagógica

<!-- This site is optimized with the Yoast SEO plugin v26.2 - https://yoast.com/wordpress/plugins/seo/ -->
<title>residencia pedagógica - CPAR - Campus de Paranaíba</title>
<meta name="robots" content="index, follow, max-snippet:-1, max-image-preview:large, max-video-preview:-1" />
<link rel="canonical" href="https://cpar.ufms.br/files/2021/04/residencia-pedagógica.png" />
<meta property="og:locale" content="en_US" />
<meta property="og:type" content="article" />
<meta property="og:title" content="residencia pedagógica - CPAR - Campus de Paranaíba" />
<meta property="og:url" content="https://cpar.ufms.br/files/2021/04/residencia-pedagógica.png" />
<meta property="og:site_name" content="CPAR - Campus de Paranaíba" />
<meta property="og:image" content="https://cpar.ufms.br/files/2021/04/residencia-pedagógica.png" />
	<meta property="og:image:width" content="245" />
	<meta property="og:image:height" content="206" />
	<meta property="og:image:type" content="image/png" />
<meta name="twitter:label1" content="Written by" />
	<meta name="twitter:data1" content="BRUNNA DE OLIVEIRA FREITAS" />
<script type="application/ld+json" class="yoast-schema-graph">{"@context":"https://schema.org","@graph":[{"@type":"WebPage","@id":"https://cpar.ufms.br/files/2021/04/residencia-pedagógica.png","url":"https://cpar.ufms.br/files/2021/04/residencia-pedagógica.png","name":"residencia pedagógica - CPAR - Campus de Paranaíba","isPartOf":{"@id":"https://cpar.ufms.br/#website"},"datePublished":"2021-04-09T11:56:41+00:00","breadcrumb":{"@id":"https://cpar.ufms.br/files/2021/04/residencia-pedagógica.png#breadcrumb"},"inLanguage":"en-US","potentialAction":[{"@type":"ReadAction","target":["https://cpar.ufms.br/files/2021/04/residencia-pedagógica.png"]}]},{"@type":"BreadcrumbList","@id":"https://cpar.ufms.br/files/2021/04/residencia-pedagógica.png#breadcrumb","itemListElement":[{"@type":"ListItem","position":1,"name":"Início","item":"https://cpar.ufms.br/"},{"@type":"ListItem","position":2,"name":"SELEÇÃO DE ESTUDANTES PARA O PROGRAMA DE RESIDÊNCIA PEDAGÓGICA","item":"https://cpar.ufms.br/11199-2/"},{"@type":"ListItem","position":3,"name":"residencia pedagógica"}]},{"@type":"WebSite","@id":"https://cpar.ufms.br/#website","url":"https://cpar.ufms.br/","name":"CPAR - Campus de Paranaíba","description":"Universidade Federal de Mato Grosso do Sul","potentialAction":[{"@type":"SearchAction","target":{"@type":"EntryPoint","urlTemplate":"https://cpar.ufms.br/?s={search_term_string}"},"query-input":{"@type":"PropertyValueSpecification","valueRequired":true,"valueName":"search_term_string"}}],"inLanguage":"en-US"}]}</script>
<!-- / Yoast SEO plugin. -->

residencia pedagógica - CPAR - Campus de Paranaíba

CPAR - Campus de Paranaíba

https://cpar.ufms.br/files/2021/04/residencia-pedagógica.png#breadcrumb

Início

SELEÇÃO DE ESTUDANTES PARA O PROGRAMA DE RESIDÊNCIA PEDAGÓGICA

<p class="attachment"><a href='https://cpar.ufms.br/files/2021/04/residencia-pedagógica.png'><img fetchpriority="high" decoding="async" width="245" height="206" src="https://cpar.ufms.br/files/2021/04/residencia-pedagógica.png" class="attachment-medium size-medium" alt="" /></a></p>

2021/04/residencia-pedagógica.png

residencia-pedagógica-150x150.png

https://cpar.ufms.br/files/2021/04/residencia-pedagógica-150x150.png

residencia-pedagógica-245x200.png

https://cpar.ufms.br/files/2021/04/residencia-pedagógica-245x200.png

residencia-pedagógica.png
