{"id":13728,"date":"2022-07-25T13:00:00","date_gmt":"2022-07-25T17:00:00","guid":{"rendered":"https:\/\/cpar.ufms.br\/files\/2022\/07\/EDITAL-CPAR_UFMS-N-37-DE-22-DE-JULHO-DE-2022..pdf"},"modified":"2022-07-25T13:00:00","modified_gmt":"2022-07-25T17:00:00","slug":"edital-cpar_ufms-n-37-de-22-de-julho-de-2022","status":"inherit","type":"attachment","link":"https:\/\/cpar.ufms.br\/en\/desligamento-dos-estudantes-beneficiarios-dos-auxilios-alimentacao-creche-moradia-e-permanencia-3\/edital-cpar_ufms-n-37-de-22-de-julho-de-2022\/","title":{"rendered":"EDITAL CPAR_UFMS N 37, DE 22 DE JULHO DE 2022."},"author":42987,"featured_media":0,"comment_status":"closed","ping_status":"closed","template":"","meta":[],"class_list":["post-13728","attachment","type-attachment","status-inherit","hentry"],"yoast_head":"<!-- This site is optimized with the Yoast SEO plugin v26.2 - https:\/\/yoast.com\/wordpress\/plugins\/seo\/ -->\n<title>EDITAL CPAR_UFMS N 37, DE 22 DE JULHO DE 2022. - CPAR - Campus de Parana\u00edba<\/title>\n<meta name=\"robots\" content=\"index, follow, max-snippet:-1, max-image-preview:large, max-video-preview:-1\" \/>\n<link rel=\"canonical\" href=\"https:\/\/cpar.ufms.br\/files\/2022\/07\/EDITAL-CPAR_UFMS-N-37-DE-22-DE-JULHO-DE-2022..pdf\" \/>\n<meta property=\"og:locale\" content=\"en_US\" \/>\n<meta property=\"og:type\" content=\"article\" \/>\n<meta property=\"og:title\" content=\"EDITAL CPAR_UFMS N 37, DE 22 DE JULHO DE 2022. - CPAR - Campus de Parana\u00edba\" \/>\n<meta property=\"og:description\" content=\"EDITAL CPAR_UFMS N 37, DE 22 DE JULHO DE 2022.\" \/>\n<meta property=\"og:url\" content=\"https:\/\/cpar.ufms.br\/files\/2022\/07\/EDITAL-CPAR_UFMS-N-37-DE-22-DE-JULHO-DE-2022..pdf\" \/>\n<meta property=\"og:site_name\" content=\"CPAR - Campus de Parana\u00edba\" \/>\n<meta name=\"twitter:label1\" content=\"Written by\" \/>\n\t<meta name=\"twitter:data1\" content=\"ERIK YURA MORITA\" \/>\n<script type=\"application\/ld+json\" class=\"yoast-schema-graph\">{\"@context\":\"https:\/\/schema.org\",\"@graph\":[{\"@type\":\"WebPage\",\"@id\":\"https:\/\/cpar.ufms.br\/files\/2022\/07\/EDITAL-CPAR_UFMS-N-37-DE-22-DE-JULHO-DE-2022..pdf\",\"url\":\"https:\/\/cpar.ufms.br\/files\/2022\/07\/EDITAL-CPAR_UFMS-N-37-DE-22-DE-JULHO-DE-2022..pdf\",\"name\":\"EDITAL CPAR_UFMS N 37, DE 22 DE JULHO DE 2022. - CPAR - Campus de Parana\u00edba\",\"isPartOf\":{\"@id\":\"https:\/\/cpar.ufms.br\/#website\"},\"datePublished\":\"2022-07-25T17:00:00+00:00\",\"breadcrumb\":{\"@id\":\"https:\/\/cpar.ufms.br\/files\/2022\/07\/EDITAL-CPAR_UFMS-N-37-DE-22-DE-JULHO-DE-2022..pdf#breadcrumb\"},\"inLanguage\":\"en-US\",\"potentialAction\":[{\"@type\":\"ReadAction\",\"target\":[\"https:\/\/cpar.ufms.br\/files\/2022\/07\/EDITAL-CPAR_UFMS-N-37-DE-22-DE-JULHO-DE-2022..pdf\"]}]},{\"@type\":\"BreadcrumbList\",\"@id\":\"https:\/\/cpar.ufms.br\/files\/2022\/07\/EDITAL-CPAR_UFMS-N-37-DE-22-DE-JULHO-DE-2022..pdf#breadcrumb\",\"itemListElement\":[{\"@type\":\"ListItem\",\"position\":1,\"name\":\"In\u00edcio\",\"item\":\"https:\/\/cpar.ufms.br\/\"},{\"@type\":\"ListItem\",\"position\":2,\"name\":\"Desligamento dos estudantes benefici\u00e1rios dos aux\u00edlios alimenta\u00e7\u00e3o, creche, moradia e perman\u00eancia\",\"item\":\"https:\/\/cpar.ufms.br\/desligamento-dos-estudantes-beneficiarios-dos-auxilios-alimentacao-creche-moradia-e-permanencia-3\/\"},{\"@type\":\"ListItem\",\"position\":3,\"name\":\"EDITAL CPAR_UFMS N 37, DE 22 DE JULHO DE 2022.\"}]},{\"@type\":\"WebSite\",\"@id\":\"https:\/\/cpar.ufms.br\/#website\",\"url\":\"https:\/\/cpar.ufms.br\/\",\"name\":\"CPAR - Campus de Parana\u00edba\",\"description\":\"Universidade Federal de Mato Grosso do Sul\",\"potentialAction\":[{\"@type\":\"SearchAction\",\"target\":{\"@type\":\"EntryPoint\",\"urlTemplate\":\"https:\/\/cpar.ufms.br\/?s={search_term_string}\"},\"query-input\":{\"@type\":\"PropertyValueSpecification\",\"valueRequired\":true,\"valueName\":\"search_term_string\"}}],\"inLanguage\":\"en-US\"}]}<\/script>\n<!-- \/ Yoast SEO plugin. -->","yoast_head_json":{"title":"EDITAL CPAR_UFMS N 37, DE 22 DE JULHO DE 2022. - CPAR - Campus de Parana\u00edba","robots":{"index":"index","follow":"follow","max-snippet":"max-snippet:-1","max-image-preview":"max-image-preview:large","max-video-preview":"max-video-preview:-1"},"canonical":"https:\/\/cpar.ufms.br\/files\/2022\/07\/EDITAL-CPAR_UFMS-N-37-DE-22-DE-JULHO-DE-2022..pdf","og_locale":"en_US","og_type":"article","og_title":"EDITAL CPAR_UFMS N 37, DE 22 DE JULHO DE 2022. - CPAR - Campus de Parana\u00edba","og_description":"EDITAL CPAR_UFMS N 37, DE 22 DE JULHO DE 2022.","og_url":"https:\/\/cpar.ufms.br\/files\/2022\/07\/EDITAL-CPAR_UFMS-N-37-DE-22-DE-JULHO-DE-2022..pdf","og_site_name":"CPAR - Campus de Parana\u00edba","twitter_misc":{"Written by":"ERIK YURA MORITA"},"schema":{"@context":"https:\/\/schema.org","@graph":[{"@type":"WebPage","@id":"https:\/\/cpar.ufms.br\/files\/2022\/07\/EDITAL-CPAR_UFMS-N-37-DE-22-DE-JULHO-DE-2022..pdf","url":"https:\/\/cpar.ufms.br\/files\/2022\/07\/EDITAL-CPAR_UFMS-N-37-DE-22-DE-JULHO-DE-2022..pdf","name":"EDITAL CPAR_UFMS N 37, DE 22 DE JULHO DE 2022. - CPAR - Campus de Parana\u00edba","isPartOf":{"@id":"https:\/\/cpar.ufms.br\/#website"},"datePublished":"2022-07-25T17:00:00+00:00","breadcrumb":{"@id":"https:\/\/cpar.ufms.br\/files\/2022\/07\/EDITAL-CPAR_UFMS-N-37-DE-22-DE-JULHO-DE-2022..pdf#breadcrumb"},"inLanguage":"en-US","potentialAction":[{"@type":"ReadAction","target":["https:\/\/cpar.ufms.br\/files\/2022\/07\/EDITAL-CPAR_UFMS-N-37-DE-22-DE-JULHO-DE-2022..pdf"]}]},{"@type":"BreadcrumbList","@id":"https:\/\/cpar.ufms.br\/files\/2022\/07\/EDITAL-CPAR_UFMS-N-37-DE-22-DE-JULHO-DE-2022..pdf#breadcrumb","itemListElement":[{"@type":"ListItem","position":1,"name":"In\u00edcio","item":"https:\/\/cpar.ufms.br\/"},{"@type":"ListItem","position":2,"name":"Desligamento dos estudantes benefici\u00e1rios dos aux\u00edlios alimenta\u00e7\u00e3o, creche, moradia e perman\u00eancia","item":"https:\/\/cpar.ufms.br\/desligamento-dos-estudantes-beneficiarios-dos-auxilios-alimentacao-creche-moradia-e-permanencia-3\/"},{"@type":"ListItem","position":3,"name":"EDITAL CPAR_UFMS N 37, DE 22 DE JULHO DE 2022."}]},{"@type":"WebSite","@id":"https:\/\/cpar.ufms.br\/#website","url":"https:\/\/cpar.ufms.br\/","name":"CPAR - Campus de Parana\u00edba","description":"Universidade Federal de Mato Grosso do Sul","potentialAction":[{"@type":"SearchAction","target":{"@type":"EntryPoint","urlTemplate":"https:\/\/cpar.ufms.br\/?s={search_term_string}"},"query-input":{"@type":"PropertyValueSpecification","valueRequired":true,"valueName":"search_term_string"}}],"inLanguage":"en-US"}]}},"description":{"rendered":"<p class=\"attachment\"><a href='https:\/\/cpar.ufms.br\/files\/2022\/07\/EDITAL-CPAR_UFMS-N-37-DE-22-DE-JULHO-DE-2022..pdf'>EDITAL CPAR_UFMS N 37, DE 22 DE JULHO DE 2022.<\/a><\/p>\n"},"caption":{"rendered":"<p>EDITAL CPAR_UFMS N 37, DE 22 DE JULHO DE 2022.<\/p>\n"},"alt_text":"","media_type":"file","mime_type":"application\/pdf","media_details":{},"post":13727,"source_url":"https:\/\/cpar.ufms.br\/files\/2022\/07\/EDITAL-CPAR_UFMS-N-37-DE-22-DE-JULHO-DE-2022..pdf","_links":{"self":[{"href":"https:\/\/cpar.ufms.br\/en\/wp-json\/wp\/v2\/media\/13728","targetHints":{"allow":["GET"]}}],"collection":[{"href":"https:\/\/cpar.ufms.br\/en\/wp-json\/wp\/v2\/media"}],"about":[{"href":"https:\/\/cpar.ufms.br\/en\/wp-json\/wp\/v2\/types\/attachment"}],"author":[{"embeddable":true,"href":"https:\/\/cpar.ufms.br\/en\/wp-json\/wp\/v2\/users\/42987"}],"replies":[{"embeddable":true,"href":"https:\/\/cpar.ufms.br\/en\/wp-json\/wp\/v2\/comments?post=13728"}]}}

<!-- This site is optimized with the Yoast SEO plugin v26.2 - https://yoast.com/wordpress/plugins/seo/ -->
<title>EDITAL CPAR_UFMS N 37, DE 22 DE JULHO DE 2022. - CPAR - Campus de Paranaíba</title>
<meta name="robots" content="index, follow, max-snippet:-1, max-image-preview:large, max-video-preview:-1" />
<link rel="canonical" href="https://cpar.ufms.br/files/2022/07/EDITAL-CPAR_UFMS-N-37-DE-22-DE-JULHO-DE-2022..pdf" />
<meta property="og:locale" content="en_US" />
<meta property="og:type" content="article" />
<meta property="og:title" content="EDITAL CPAR_UFMS N 37, DE 22 DE JULHO DE 2022. - CPAR - Campus de Paranaíba" />
<meta property="og:description" content="EDITAL CPAR_UFMS N 37, DE 22 DE JULHO DE 2022." />
<meta property="og:url" content="https://cpar.ufms.br/files/2022/07/EDITAL-CPAR_UFMS-N-37-DE-22-DE-JULHO-DE-2022..pdf" />
<meta property="og:site_name" content="CPAR - Campus de Paranaíba" />
<meta name="twitter:label1" content="Written by" />
	<meta name="twitter:data1" content="ERIK YURA MORITA" />
<script type="application/ld+json" class="yoast-schema-graph">{"@context":"https://schema.org","@graph":[{"@type":"WebPage","@id":"https://cpar.ufms.br/files/2022/07/EDITAL-CPAR_UFMS-N-37-DE-22-DE-JULHO-DE-2022..pdf","url":"https://cpar.ufms.br/files/2022/07/EDITAL-CPAR_UFMS-N-37-DE-22-DE-JULHO-DE-2022..pdf","name":"EDITAL CPAR_UFMS N 37, DE 22 DE JULHO DE 2022. - CPAR - Campus de Paranaíba","isPartOf":{"@id":"https://cpar.ufms.br/#website"},"datePublished":"2022-07-25T17:00:00+00:00","breadcrumb":{"@id":"https://cpar.ufms.br/files/2022/07/EDITAL-CPAR_UFMS-N-37-DE-22-DE-JULHO-DE-2022..pdf#breadcrumb"},"inLanguage":"en-US","potentialAction":[{"@type":"ReadAction","target":["https://cpar.ufms.br/files/2022/07/EDITAL-CPAR_UFMS-N-37-DE-22-DE-JULHO-DE-2022..pdf"]}]},{"@type":"BreadcrumbList","@id":"https://cpar.ufms.br/files/2022/07/EDITAL-CPAR_UFMS-N-37-DE-22-DE-JULHO-DE-2022..pdf#breadcrumb","itemListElement":[{"@type":"ListItem","position":1,"name":"Início","item":"https://cpar.ufms.br/"},{"@type":"ListItem","position":2,"name":"Desligamento dos estudantes beneficiários dos auxílios alimentação, creche, moradia e permanência","item":"https://cpar.ufms.br/desligamento-dos-estudantes-beneficiarios-dos-auxilios-alimentacao-creche-moradia-e-permanencia-3/"},{"@type":"ListItem","position":3,"name":"EDITAL CPAR_UFMS N 37, DE 22 DE JULHO DE 2022."}]},{"@type":"WebSite","@id":"https://cpar.ufms.br/#website","url":"https://cpar.ufms.br/","name":"CPAR - Campus de Paranaíba","description":"Universidade Federal de Mato Grosso do Sul","potentialAction":[{"@type":"SearchAction","target":{"@type":"EntryPoint","urlTemplate":"https://cpar.ufms.br/?s={search_term_string}"},"query-input":{"@type":"PropertyValueSpecification","valueRequired":true,"valueName":"search_term_string"}}],"inLanguage":"en-US"}]}</script>
<!-- / Yoast SEO plugin. -->

EDITAL CPAR_UFMS N 37, DE 22 DE JULHO DE 2022. - CPAR - Campus de Paranaíba

CPAR - Campus de Paranaíba

Início

Desligamento dos estudantes beneficiários dos auxílios alimentação, creche, moradia e permanência
