{"id":14678,"date":"2023-03-30T13:33:23","date_gmt":"2023-03-30T17:33:23","guid":{"rendered":"https:\/\/cpar.ufms.br\/files\/2023\/03\/Ed-Proaes-23-2023.pdf"},"modified":"2023-03-30T13:33:59","modified_gmt":"2023-03-30T17:33:59","slug":"ed-proaes-23-2023","status":"inherit","type":"attachment","link":"https:\/\/cpar.ufms.br\/en\/selecao-de-tutor-para-auxilio-apoio-pedagogico-aos-estudantes-de-graduacao-na-ufms-2\/ed-proaes-23-2023\/","title":{"rendered":"Ed Proaes 23-2023"},"author":6362,"featured_media":0,"comment_status":"closed","ping_status":"closed","template":"","meta":[],"class_list":["post-14678","attachment","type-attachment","status-inherit","hentry"],"yoast_head":"<!-- This site is optimized with the Yoast SEO plugin v26.2 - https:\/\/yoast.com\/wordpress\/plugins\/seo\/ -->\n<title>Ed Proaes 23-2023 - CPAR - Campus de Parana\u00edba<\/title>\n<meta name=\"robots\" content=\"index, follow, max-snippet:-1, max-image-preview:large, max-video-preview:-1\" \/>\n<link rel=\"canonical\" href=\"https:\/\/cpar.ufms.br\/files\/2023\/03\/Ed-Proaes-23-2023.pdf\" \/>\n<meta property=\"og:locale\" content=\"en_US\" \/>\n<meta property=\"og:type\" content=\"article\" \/>\n<meta property=\"og:title\" content=\"Ed Proaes 23-2023 - CPAR - Campus de Parana\u00edba\" \/>\n<meta property=\"og:description\" content=\"Ed Proaes 23-2023\" \/>\n<meta property=\"og:url\" content=\"https:\/\/cpar.ufms.br\/files\/2023\/03\/Ed-Proaes-23-2023.pdf\" \/>\n<meta property=\"og:site_name\" content=\"CPAR - Campus de Parana\u00edba\" \/>\n<meta property=\"article:modified_time\" content=\"2023-03-30T17:33:59+00:00\" \/>\n<meta name=\"twitter:label1\" content=\"Written by\" \/>\n\t<meta name=\"twitter:data1\" content=\"Ailton Junior\" \/>\n<script type=\"application\/ld+json\" class=\"yoast-schema-graph\">{\"@context\":\"https:\/\/schema.org\",\"@graph\":[{\"@type\":\"WebPage\",\"@id\":\"https:\/\/cpar.ufms.br\/files\/2023\/03\/Ed-Proaes-23-2023.pdf\",\"url\":\"https:\/\/cpar.ufms.br\/files\/2023\/03\/Ed-Proaes-23-2023.pdf\",\"name\":\"Ed Proaes 23-2023 - CPAR - Campus de Parana\u00edba\",\"isPartOf\":{\"@id\":\"https:\/\/cpar.ufms.br\/#website\"},\"datePublished\":\"2023-03-30T17:33:23+00:00\",\"dateModified\":\"2023-03-30T17:33:59+00:00\",\"breadcrumb\":{\"@id\":\"https:\/\/cpar.ufms.br\/files\/2023\/03\/Ed-Proaes-23-2023.pdf#breadcrumb\"},\"inLanguage\":\"en-US\",\"potentialAction\":[{\"@type\":\"ReadAction\",\"target\":[\"https:\/\/cpar.ufms.br\/files\/2023\/03\/Ed-Proaes-23-2023.pdf\"]}]},{\"@type\":\"BreadcrumbList\",\"@id\":\"https:\/\/cpar.ufms.br\/files\/2023\/03\/Ed-Proaes-23-2023.pdf#breadcrumb\",\"itemListElement\":[{\"@type\":\"ListItem\",\"position\":1,\"name\":\"In\u00edcio\",\"item\":\"https:\/\/cpar.ufms.br\/\"},{\"@type\":\"ListItem\",\"position\":2,\"name\":\"SELE\u00c7\u00c3O DE TUTOR PARA AUX\u00cdLIO APOIO PEDAG\u00d3GICO AOS ESTUDANTES DE GRADUA\u00c7\u00c3O NA UFMS\",\"item\":\"https:\/\/cpar.ufms.br\/selecao-de-tutor-para-auxilio-apoio-pedagogico-aos-estudantes-de-graduacao-na-ufms-2\/\"},{\"@type\":\"ListItem\",\"position\":3,\"name\":\"Ed Proaes 23-2023\"}]},{\"@type\":\"WebSite\",\"@id\":\"https:\/\/cpar.ufms.br\/#website\",\"url\":\"https:\/\/cpar.ufms.br\/\",\"name\":\"CPAR - Campus de Parana\u00edba\",\"description\":\"Universidade Federal de Mato Grosso do Sul\",\"potentialAction\":[{\"@type\":\"SearchAction\",\"target\":{\"@type\":\"EntryPoint\",\"urlTemplate\":\"https:\/\/cpar.ufms.br\/?s={search_term_string}\"},\"query-input\":{\"@type\":\"PropertyValueSpecification\",\"valueRequired\":true,\"valueName\":\"search_term_string\"}}],\"inLanguage\":\"en-US\"}]}<\/script>\n<!-- \/ Yoast SEO plugin. -->","yoast_head_json":{"title":"Ed Proaes 23-2023 - CPAR - Campus de Parana\u00edba","robots":{"index":"index","follow":"follow","max-snippet":"max-snippet:-1","max-image-preview":"max-image-preview:large","max-video-preview":"max-video-preview:-1"},"canonical":"https:\/\/cpar.ufms.br\/files\/2023\/03\/Ed-Proaes-23-2023.pdf","og_locale":"en_US","og_type":"article","og_title":"Ed Proaes 23-2023 - CPAR - Campus de Parana\u00edba","og_description":"Ed Proaes 23-2023","og_url":"https:\/\/cpar.ufms.br\/files\/2023\/03\/Ed-Proaes-23-2023.pdf","og_site_name":"CPAR - Campus de Parana\u00edba","article_modified_time":"2023-03-30T17:33:59+00:00","twitter_misc":{"Written by":"Ailton Junior"},"schema":{"@context":"https:\/\/schema.org","@graph":[{"@type":"WebPage","@id":"https:\/\/cpar.ufms.br\/files\/2023\/03\/Ed-Proaes-23-2023.pdf","url":"https:\/\/cpar.ufms.br\/files\/2023\/03\/Ed-Proaes-23-2023.pdf","name":"Ed Proaes 23-2023 - CPAR - Campus de Parana\u00edba","isPartOf":{"@id":"https:\/\/cpar.ufms.br\/#website"},"datePublished":"2023-03-30T17:33:23+00:00","dateModified":"2023-03-30T17:33:59+00:00","breadcrumb":{"@id":"https:\/\/cpar.ufms.br\/files\/2023\/03\/Ed-Proaes-23-2023.pdf#breadcrumb"},"inLanguage":"en-US","potentialAction":[{"@type":"ReadAction","target":["https:\/\/cpar.ufms.br\/files\/2023\/03\/Ed-Proaes-23-2023.pdf"]}]},{"@type":"BreadcrumbList","@id":"https:\/\/cpar.ufms.br\/files\/2023\/03\/Ed-Proaes-23-2023.pdf#breadcrumb","itemListElement":[{"@type":"ListItem","position":1,"name":"In\u00edcio","item":"https:\/\/cpar.ufms.br\/"},{"@type":"ListItem","position":2,"name":"SELE\u00c7\u00c3O DE TUTOR PARA AUX\u00cdLIO APOIO PEDAG\u00d3GICO AOS ESTUDANTES DE GRADUA\u00c7\u00c3O NA UFMS","item":"https:\/\/cpar.ufms.br\/selecao-de-tutor-para-auxilio-apoio-pedagogico-aos-estudantes-de-graduacao-na-ufms-2\/"},{"@type":"ListItem","position":3,"name":"Ed Proaes 23-2023"}]},{"@type":"WebSite","@id":"https:\/\/cpar.ufms.br\/#website","url":"https:\/\/cpar.ufms.br\/","name":"CPAR - Campus de Parana\u00edba","description":"Universidade Federal de Mato Grosso do Sul","potentialAction":[{"@type":"SearchAction","target":{"@type":"EntryPoint","urlTemplate":"https:\/\/cpar.ufms.br\/?s={search_term_string}"},"query-input":{"@type":"PropertyValueSpecification","valueRequired":true,"valueName":"search_term_string"}}],"inLanguage":"en-US"}]}},"description":{"rendered":"<p class=\"attachment\"><a href='https:\/\/cpar.ufms.br\/files\/2023\/03\/Ed-Proaes-23-2023.pdf'>Ed Proaes 23-2023<\/a><\/p>\n"},"caption":{"rendered":"<p>Ed Proaes 23-2023<\/p>\n"},"alt_text":"","media_type":"file","mime_type":"application\/pdf","media_details":{"filesize":1147875,"sizes":{}},"post":14679,"source_url":"https:\/\/cpar.ufms.br\/files\/2023\/03\/Ed-Proaes-23-2023.pdf","_links":{"self":[{"href":"https:\/\/cpar.ufms.br\/en\/wp-json\/wp\/v2\/media\/14678","targetHints":{"allow":["GET"]}}],"collection":[{"href":"https:\/\/cpar.ufms.br\/en\/wp-json\/wp\/v2\/media"}],"about":[{"href":"https:\/\/cpar.ufms.br\/en\/wp-json\/wp\/v2\/types\/attachment"}],"author":[{"embeddable":true,"href":"https:\/\/cpar.ufms.br\/en\/wp-json\/wp\/v2\/users\/6362"}],"replies":[{"embeddable":true,"href":"https:\/\/cpar.ufms.br\/en\/wp-json\/wp\/v2\/comments?post=14678"}]}}

<!-- This site is optimized with the Yoast SEO plugin v26.2 - https://yoast.com/wordpress/plugins/seo/ -->
<title>Ed Proaes 23-2023 - CPAR - Campus de Paranaíba</title>
<meta name="robots" content="index, follow, max-snippet:-1, max-image-preview:large, max-video-preview:-1" />
<link rel="canonical" href="https://cpar.ufms.br/files/2023/03/Ed-Proaes-23-2023.pdf" />
<meta property="og:locale" content="en_US" />
<meta property="og:type" content="article" />
<meta property="og:title" content="Ed Proaes 23-2023 - CPAR - Campus de Paranaíba" />
<meta property="og:description" content="Ed Proaes 23-2023" />
<meta property="og:url" content="https://cpar.ufms.br/files/2023/03/Ed-Proaes-23-2023.pdf" />
<meta property="og:site_name" content="CPAR - Campus de Paranaíba" />
<meta property="article:modified_time" content="2023-03-30T17:33:59+00:00" />
<meta name="twitter:label1" content="Written by" />
	<meta name="twitter:data1" content="Ailton Junior" />
<script type="application/ld+json" class="yoast-schema-graph">{"@context":"https://schema.org","@graph":[{"@type":"WebPage","@id":"https://cpar.ufms.br/files/2023/03/Ed-Proaes-23-2023.pdf","url":"https://cpar.ufms.br/files/2023/03/Ed-Proaes-23-2023.pdf","name":"Ed Proaes 23-2023 - CPAR - Campus de Paranaíba","isPartOf":{"@id":"https://cpar.ufms.br/#website"},"datePublished":"2023-03-30T17:33:23+00:00","dateModified":"2023-03-30T17:33:59+00:00","breadcrumb":{"@id":"https://cpar.ufms.br/files/2023/03/Ed-Proaes-23-2023.pdf#breadcrumb"},"inLanguage":"en-US","potentialAction":[{"@type":"ReadAction","target":["https://cpar.ufms.br/files/2023/03/Ed-Proaes-23-2023.pdf"]}]},{"@type":"BreadcrumbList","@id":"https://cpar.ufms.br/files/2023/03/Ed-Proaes-23-2023.pdf#breadcrumb","itemListElement":[{"@type":"ListItem","position":1,"name":"Início","item":"https://cpar.ufms.br/"},{"@type":"ListItem","position":2,"name":"SELEÇÃO DE TUTOR PARA AUXÍLIO APOIO PEDAGÓGICO AOS ESTUDANTES DE GRADUAÇÃO NA UFMS","item":"https://cpar.ufms.br/selecao-de-tutor-para-auxilio-apoio-pedagogico-aos-estudantes-de-graduacao-na-ufms-2/"},{"@type":"ListItem","position":3,"name":"Ed Proaes 23-2023"}]},{"@type":"WebSite","@id":"https://cpar.ufms.br/#website","url":"https://cpar.ufms.br/","name":"CPAR - Campus de Paranaíba","description":"Universidade Federal de Mato Grosso do Sul","potentialAction":[{"@type":"SearchAction","target":{"@type":"EntryPoint","urlTemplate":"https://cpar.ufms.br/?s={search_term_string}"},"query-input":{"@type":"PropertyValueSpecification","valueRequired":true,"valueName":"search_term_string"}}],"inLanguage":"en-US"}]}</script>
<!-- / Yoast SEO plugin. -->

Ed Proaes 23-2023 - CPAR - Campus de Paranaíba

CPAR - Campus de Paranaíba

Início

SELEÇÃO DE TUTOR PARA AUXÍLIO APOIO PEDAGÓGICO AOS ESTUDANTES DE GRADUAÇÃO NA UFMS
