{"id":15468,"date":"2023-09-06T15:40:57","date_gmt":"2023-09-06T19:40:57","guid":{"rendered":"https:\/\/cpar.ufms.br\/files\/2023\/09\/Story-do-Instagram-Programacao-Semana-do-Ambiente.jpg"},"modified":"2023-09-06T15:40:57","modified_gmt":"2023-09-06T19:40:57","slug":"story-do-instagram-programacao-semana-do-ambiente","status":"inherit","type":"attachment","link":"https:\/\/cpar.ufms.br\/en\/dia-d-do-medico-veterinario\/story-do-instagram-programacao-semana-do-ambiente\/","title":{"rendered":"Story do Instagram Programa\u00e7\u00e3o Semana do Ambiente"},"author":6362,"featured_media":0,"comment_status":"closed","ping_status":"closed","template":"","meta":[],"class_list":["post-15468","attachment","type-attachment","status-inherit","hentry"],"yoast_head":"<!-- This site is optimized with the Yoast SEO plugin v26.2 - https:\/\/yoast.com\/wordpress\/plugins\/seo\/ -->\n<title>Story do Instagram Programa\u00e7\u00e3o Semana do Ambiente - CPAR - Campus de Parana\u00edba<\/title>\n<meta name=\"robots\" content=\"index, follow, max-snippet:-1, max-image-preview:large, max-video-preview:-1\" \/>\n<link rel=\"canonical\" href=\"https:\/\/cpar.ufms.br\/files\/2023\/09\/Story-do-Instagram-Programacao-Semana-do-Ambiente.jpg\" \/>\n<meta property=\"og:locale\" content=\"en_US\" \/>\n<meta property=\"og:type\" content=\"article\" \/>\n<meta property=\"og:title\" content=\"Story do Instagram Programa\u00e7\u00e3o Semana do Ambiente - CPAR - Campus de Parana\u00edba\" \/>\n<meta property=\"og:url\" content=\"https:\/\/cpar.ufms.br\/files\/2023\/09\/Story-do-Instagram-Programacao-Semana-do-Ambiente.jpg\" \/>\n<meta property=\"og:site_name\" content=\"CPAR - Campus de Parana\u00edba\" \/>\n<meta property=\"og:image\" content=\"https:\/\/cpar.ufms.br\/files\/2023\/09\/Story-do-Instagram-Programacao-Semana-do-Ambiente.jpg\" \/>\n\t<meta property=\"og:image:width\" content=\"1\" \/>\n\t<meta property=\"og:image:height\" content=\"1\" \/>\n\t<meta property=\"og:image:type\" content=\"image\/jpeg\" \/>\n<meta name=\"twitter:label1\" content=\"Written by\" \/>\n\t<meta name=\"twitter:data1\" content=\"Ailton Junior\" \/>\n<script type=\"application\/ld+json\" class=\"yoast-schema-graph\">{\"@context\":\"https:\/\/schema.org\",\"@graph\":[{\"@type\":\"WebPage\",\"@id\":\"https:\/\/cpar.ufms.br\/files\/2023\/09\/Story-do-Instagram-Programacao-Semana-do-Ambiente.jpg\",\"url\":\"https:\/\/cpar.ufms.br\/files\/2023\/09\/Story-do-Instagram-Programacao-Semana-do-Ambiente.jpg\",\"name\":\"Story do Instagram Programa\u00e7\u00e3o Semana do Ambiente - CPAR - Campus de Parana\u00edba\",\"isPartOf\":{\"@id\":\"https:\/\/cpar.ufms.br\/#website\"},\"datePublished\":\"2023-09-06T19:40:57+00:00\",\"breadcrumb\":{\"@id\":\"https:\/\/cpar.ufms.br\/files\/2023\/09\/Story-do-Instagram-Programacao-Semana-do-Ambiente.jpg#breadcrumb\"},\"inLanguage\":\"en-US\",\"potentialAction\":[{\"@type\":\"ReadAction\",\"target\":[\"https:\/\/cpar.ufms.br\/files\/2023\/09\/Story-do-Instagram-Programacao-Semana-do-Ambiente.jpg\"]}]},{\"@type\":\"BreadcrumbList\",\"@id\":\"https:\/\/cpar.ufms.br\/files\/2023\/09\/Story-do-Instagram-Programacao-Semana-do-Ambiente.jpg#breadcrumb\",\"itemListElement\":[{\"@type\":\"ListItem\",\"position\":1,\"name\":\"In\u00edcio\",\"item\":\"https:\/\/cpar.ufms.br\/\"},{\"@type\":\"ListItem\",\"position\":2,\"name\":\"Dia &#8220;D&#8221; do M\u00e9dico Veterin\u00e1rio\",\"item\":\"https:\/\/cpar.ufms.br\/dia-d-do-medico-veterinario\/\"},{\"@type\":\"ListItem\",\"position\":3,\"name\":\"Story do Instagram Programa\u00e7\u00e3o Semana do Ambiente\"}]},{\"@type\":\"WebSite\",\"@id\":\"https:\/\/cpar.ufms.br\/#website\",\"url\":\"https:\/\/cpar.ufms.br\/\",\"name\":\"CPAR - Campus de Parana\u00edba\",\"description\":\"Universidade Federal de Mato Grosso do Sul\",\"potentialAction\":[{\"@type\":\"SearchAction\",\"target\":{\"@type\":\"EntryPoint\",\"urlTemplate\":\"https:\/\/cpar.ufms.br\/?s={search_term_string}\"},\"query-input\":{\"@type\":\"PropertyValueSpecification\",\"valueRequired\":true,\"valueName\":\"search_term_string\"}}],\"inLanguage\":\"en-US\"}]}<\/script>\n<!-- \/ Yoast SEO plugin. -->","yoast_head_json":{"title":"Story do Instagram Programa\u00e7\u00e3o Semana do Ambiente - CPAR - Campus de Parana\u00edba","robots":{"index":"index","follow":"follow","max-snippet":"max-snippet:-1","max-image-preview":"max-image-preview:large","max-video-preview":"max-video-preview:-1"},"canonical":"https:\/\/cpar.ufms.br\/files\/2023\/09\/Story-do-Instagram-Programacao-Semana-do-Ambiente.jpg","og_locale":"en_US","og_type":"article","og_title":"Story do Instagram Programa\u00e7\u00e3o Semana do Ambiente - CPAR - Campus de Parana\u00edba","og_url":"https:\/\/cpar.ufms.br\/files\/2023\/09\/Story-do-Instagram-Programacao-Semana-do-Ambiente.jpg","og_site_name":"CPAR - Campus de Parana\u00edba","og_image":[{"url":"https:\/\/cpar.ufms.br\/files\/2023\/09\/Story-do-Instagram-Programacao-Semana-do-Ambiente.jpg","width":1,"height":1,"type":"image\/jpeg"}],"twitter_misc":{"Written by":"Ailton Junior"},"schema":{"@context":"https:\/\/schema.org","@graph":[{"@type":"WebPage","@id":"https:\/\/cpar.ufms.br\/files\/2023\/09\/Story-do-Instagram-Programacao-Semana-do-Ambiente.jpg","url":"https:\/\/cpar.ufms.br\/files\/2023\/09\/Story-do-Instagram-Programacao-Semana-do-Ambiente.jpg","name":"Story do Instagram Programa\u00e7\u00e3o Semana do Ambiente - CPAR - Campus de Parana\u00edba","isPartOf":{"@id":"https:\/\/cpar.ufms.br\/#website"},"datePublished":"2023-09-06T19:40:57+00:00","breadcrumb":{"@id":"https:\/\/cpar.ufms.br\/files\/2023\/09\/Story-do-Instagram-Programacao-Semana-do-Ambiente.jpg#breadcrumb"},"inLanguage":"en-US","potentialAction":[{"@type":"ReadAction","target":["https:\/\/cpar.ufms.br\/files\/2023\/09\/Story-do-Instagram-Programacao-Semana-do-Ambiente.jpg"]}]},{"@type":"BreadcrumbList","@id":"https:\/\/cpar.ufms.br\/files\/2023\/09\/Story-do-Instagram-Programacao-Semana-do-Ambiente.jpg#breadcrumb","itemListElement":[{"@type":"ListItem","position":1,"name":"In\u00edcio","item":"https:\/\/cpar.ufms.br\/"},{"@type":"ListItem","position":2,"name":"Dia &#8220;D&#8221; do M\u00e9dico Veterin\u00e1rio","item":"https:\/\/cpar.ufms.br\/dia-d-do-medico-veterinario\/"},{"@type":"ListItem","position":3,"name":"Story do Instagram Programa\u00e7\u00e3o Semana do Ambiente"}]},{"@type":"WebSite","@id":"https:\/\/cpar.ufms.br\/#website","url":"https:\/\/cpar.ufms.br\/","name":"CPAR - Campus de Parana\u00edba","description":"Universidade Federal de Mato Grosso do Sul","potentialAction":[{"@type":"SearchAction","target":{"@type":"EntryPoint","urlTemplate":"https:\/\/cpar.ufms.br\/?s={search_term_string}"},"query-input":{"@type":"PropertyValueSpecification","valueRequired":true,"valueName":"search_term_string"}}],"inLanguage":"en-US"}]}},"description":{"rendered":"<p class=\"attachment\"><a href='https:\/\/cpar.ufms.br\/files\/2023\/09\/Story-do-Instagram-Programacao-Semana-do-Ambiente.jpg'><img fetchpriority=\"high\" decoding=\"async\" width=\"169\" height=\"300\" src=\"https:\/\/cpar.ufms.br\/files\/2023\/09\/Story-do-Instagram-Programacao-Semana-do-Ambiente-169x300.jpg\" class=\"attachment-medium size-medium\" alt=\"\" srcset=\"https:\/\/cpar.ufms.br\/files\/2023\/09\/Story-do-Instagram-Programacao-Semana-do-Ambiente-169x300.jpg 169w, https:\/\/cpar.ufms.br\/files\/2023\/09\/Story-do-Instagram-Programacao-Semana-do-Ambiente-576x1024.jpg 576w, https:\/\/cpar.ufms.br\/files\/2023\/09\/Story-do-Instagram-Programacao-Semana-do-Ambiente-768x1365.jpg 768w, https:\/\/cpar.ufms.br\/files\/2023\/09\/Story-do-Instagram-Programacao-Semana-do-Ambiente-864x1536.jpg 864w, https:\/\/cpar.ufms.br\/files\/2023\/09\/Story-do-Instagram-Programacao-Semana-do-Ambiente-180x320.jpg 180w, https:\/\/cpar.ufms.br\/files\/2023\/09\/Story-do-Instagram-Programacao-Semana-do-Ambiente.jpg 1080w\" sizes=\"(max-width: 169px) 100vw, 169px\" \/><\/a><\/p>\n"},"caption":{"rendered":""},"alt_text":"","media_type":"image","mime_type":"image\/jpeg","media_details":{"width":1080,"height":1920,"file":"2023\/09\/Story-do-Instagram-Programacao-Semana-do-Ambiente.jpg","filesize":225570,"sizes":{"medium":{"file":"Story-do-Instagram-Programacao-Semana-do-Ambiente-169x300.jpg","width":169,"height":300,"filesize":14241,"mime_type":"image\/jpeg","source_url":"https:\/\/cpar.ufms.br\/files\/2023\/09\/Story-do-Instagram-Programacao-Semana-do-Ambiente-169x300.jpg"},"large":{"file":"Story-do-Instagram-Programacao-Semana-do-Ambiente-576x1024.jpg","width":576,"height":1024,"filesize":88828,"mime_type":"image\/jpeg","source_url":"https:\/\/cpar.ufms.br\/files\/2023\/09\/Story-do-Instagram-Programacao-Semana-do-Ambiente-576x1024.jpg"},"thumbnail":{"file":"Story-do-Instagram-Programacao-Semana-do-Ambiente-150x150.jpg","width":150,"height":150,"filesize":6844,"mime_type":"image\/jpeg","source_url":"https:\/\/cpar.ufms.br\/files\/2023\/09\/Story-do-Instagram-Programacao-Semana-do-Ambiente-150x150.jpg"},"medium_large":{"file":"Story-do-Instagram-Programacao-Semana-do-Ambiente-768x1365.jpg","width":768,"height":1365,"filesize":135075,"mime_type":"image\/jpeg","source_url":"https:\/\/cpar.ufms.br\/files\/2023\/09\/Story-do-Instagram-Programacao-Semana-do-Ambiente-768x1365.jpg"},"1536x1536":{"file":"Story-do-Instagram-Programacao-Semana-do-Ambiente-864x1536.jpg","width":864,"height":1536,"filesize":155459,"mime_type":"image\/jpeg","source_url":"https:\/\/cpar.ufms.br\/files\/2023\/09\/Story-do-Instagram-Programacao-Semana-do-Ambiente-864x1536.jpg"},"post-thumbnail":{"file":"Story-do-Instagram-Programacao-Semana-do-Ambiente-180x320.jpg","width":180,"height":320,"filesize":15977,"mime_type":"image\/jpeg","source_url":"https:\/\/cpar.ufms.br\/files\/2023\/09\/Story-do-Instagram-Programacao-Semana-do-Ambiente-180x320.jpg"},"thumbnail-categoria":{"file":"Story-do-Instagram-Programacao-Semana-do-Ambiente-730x200.jpg","width":730,"height":200,"filesize":15798,"mime_type":"image\/jpeg","source_url":"https:\/\/cpar.ufms.br\/files\/2023\/09\/Story-do-Instagram-Programacao-Semana-do-Ambiente-730x200.jpg"},"content-img":{"file":"Story-do-Instagram-Programacao-Semana-do-Ambiente-738x330.jpg","width":738,"height":330,"filesize":28154,"mime_type":"image\/jpeg","source_url":"https:\/\/cpar.ufms.br\/files\/2023\/09\/Story-do-Instagram-Programacao-Semana-do-Ambiente-738x330.jpg"},"img-boxes":{"file":"Story-do-Instagram-Programacao-Semana-do-Ambiente-350x233.jpg","width":350,"height":233,"filesize":14646,"mime_type":"image\/jpeg","source_url":"https:\/\/cpar.ufms.br\/files\/2023\/09\/Story-do-Instagram-Programacao-Semana-do-Ambiente-350x233.jpg"},"img-2":{"file":"Story-do-Instagram-Programacao-Semana-do-Ambiente-350x233.jpg","width":350,"height":233,"filesize":14646,"mime_type":"image\/jpeg","source_url":"https:\/\/cpar.ufms.br\/files\/2023\/09\/Story-do-Instagram-Programacao-Semana-do-Ambiente-350x233.jpg"},"img-1":{"file":"Story-do-Instagram-Programacao-Semana-do-Ambiente-555x233.jpg","width":555,"height":233,"filesize":17380,"mime_type":"image\/jpeg","source_url":"https:\/\/cpar.ufms.br\/files\/2023\/09\/Story-do-Instagram-Programacao-Semana-do-Ambiente-555x233.jpg"},"full":{"file":"Story-do-Instagram-Programacao-Semana-do-Ambiente.jpg","width":1080,"height":1920,"mime_type":"image\/jpeg","source_url":"https:\/\/cpar.ufms.br\/files\/2023\/09\/Story-do-Instagram-Programacao-Semana-do-Ambiente.jpg"}},"image_meta":{"aperture":"0","credit":"","camera":"","caption":"","created_timestamp":"0","copyright":"","focal_length":"0","iso":"0","shutter_speed":"0","title":"","orientation":"1","keywords":[]}},"post":15467,"source_url":"https:\/\/cpar.ufms.br\/files\/2023\/09\/Story-do-Instagram-Programacao-Semana-do-Ambiente.jpg","_links":{"self":[{"href":"https:\/\/cpar.ufms.br\/en\/wp-json\/wp\/v2\/media\/15468","targetHints":{"allow":["GET"]}}],"collection":[{"href":"https:\/\/cpar.ufms.br\/en\/wp-json\/wp\/v2\/media"}],"about":[{"href":"https:\/\/cpar.ufms.br\/en\/wp-json\/wp\/v2\/types\/attachment"}],"author":[{"embeddable":true,"href":"https:\/\/cpar.ufms.br\/en\/wp-json\/wp\/v2\/users\/6362"}],"replies":[{"embeddable":true,"href":"https:\/\/cpar.ufms.br\/en\/wp-json\/wp\/v2\/comments?post=15468"}]}}

Story do Instagram Programação Semana do Ambiente

<!-- This site is optimized with the Yoast SEO plugin v26.2 - https://yoast.com/wordpress/plugins/seo/ -->
<title>Story do Instagram Programação Semana do Ambiente - CPAR - Campus de Paranaíba</title>
<meta name="robots" content="index, follow, max-snippet:-1, max-image-preview:large, max-video-preview:-1" />
<link rel="canonical" href="https://cpar.ufms.br/files/2023/09/Story-do-Instagram-Programacao-Semana-do-Ambiente.jpg" />
<meta property="og:locale" content="en_US" />
<meta property="og:type" content="article" />
<meta property="og:title" content="Story do Instagram Programação Semana do Ambiente - CPAR - Campus de Paranaíba" />
<meta property="og:url" content="https://cpar.ufms.br/files/2023/09/Story-do-Instagram-Programacao-Semana-do-Ambiente.jpg" />
<meta property="og:site_name" content="CPAR - Campus de Paranaíba" />
<meta property="og:image" content="https://cpar.ufms.br/files/2023/09/Story-do-Instagram-Programacao-Semana-do-Ambiente.jpg" />
	<meta property="og:image:width" content="1" />
	<meta property="og:image:height" content="1" />
	<meta property="og:image:type" content="image/jpeg" />
<meta name="twitter:label1" content="Written by" />
	<meta name="twitter:data1" content="Ailton Junior" />
<script type="application/ld+json" class="yoast-schema-graph">{"@context":"https://schema.org","@graph":[{"@type":"WebPage","@id":"https://cpar.ufms.br/files/2023/09/Story-do-Instagram-Programacao-Semana-do-Ambiente.jpg","url":"https://cpar.ufms.br/files/2023/09/Story-do-Instagram-Programacao-Semana-do-Ambiente.jpg","name":"Story do Instagram Programação Semana do Ambiente - CPAR - Campus de Paranaíba","isPartOf":{"@id":"https://cpar.ufms.br/#website"},"datePublished":"2023-09-06T19:40:57+00:00","breadcrumb":{"@id":"https://cpar.ufms.br/files/2023/09/Story-do-Instagram-Programacao-Semana-do-Ambiente.jpg#breadcrumb"},"inLanguage":"en-US","potentialAction":[{"@type":"ReadAction","target":["https://cpar.ufms.br/files/2023/09/Story-do-Instagram-Programacao-Semana-do-Ambiente.jpg"]}]},{"@type":"BreadcrumbList","@id":"https://cpar.ufms.br/files/2023/09/Story-do-Instagram-Programacao-Semana-do-Ambiente.jpg#breadcrumb","itemListElement":[{"@type":"ListItem","position":1,"name":"Início","item":"https://cpar.ufms.br/"},{"@type":"ListItem","position":2,"name":"Dia &#8220;D&#8221; do Médico Veterinário","item":"https://cpar.ufms.br/dia-d-do-medico-veterinario/"},{"@type":"ListItem","position":3,"name":"Story do Instagram Programação Semana do Ambiente"}]},{"@type":"WebSite","@id":"https://cpar.ufms.br/#website","url":"https://cpar.ufms.br/","name":"CPAR - Campus de Paranaíba","description":"Universidade Federal de Mato Grosso do Sul","potentialAction":[{"@type":"SearchAction","target":{"@type":"EntryPoint","urlTemplate":"https://cpar.ufms.br/?s={search_term_string}"},"query-input":{"@type":"PropertyValueSpecification","valueRequired":true,"valueName":"search_term_string"}}],"inLanguage":"en-US"}]}</script>
<!-- / Yoast SEO plugin. -->

Story do Instagram Programação Semana do Ambiente - CPAR - Campus de Paranaíba

CPAR - Campus de Paranaíba

Início

Dia &#8220;D&#8221; do Médico Veterinário
