{"id":16548,"date":"2025-03-06T13:58:49","date_gmt":"2025-03-06T17:58:49","guid":{"rendered":"https:\/\/cpar.ufms.br\/files\/2025\/03\/Quero-ser-UFMS-2025_Destacao-1536x492-1.jpg"},"modified":"2025-03-06T13:58:49","modified_gmt":"2025-03-06T17:58:49","slug":"quero-ser-ufms-2025_destacao-1536x492","status":"inherit","type":"attachment","link":"https:\/\/cpar.ufms.br\/en\/quero-ser-ufms-2025-abre-inscricoes-para-cursos-presenciais-e-a-distancia\/quero-ser-ufms-2025_destacao-1536x492\/","title":{"rendered":"Quero-ser-UFMS-2025_Destacao-1536&#215;492"},"author":6362,"featured_media":0,"comment_status":"closed","ping_status":"closed","template":"","meta":[],"class_list":["post-16548","attachment","type-attachment","status-inherit","hentry"],"yoast_head":"<!-- This site is optimized with the Yoast SEO plugin v26.2 - https:\/\/yoast.com\/wordpress\/plugins\/seo\/ -->\n<title>Quero-ser-UFMS-2025_Destacao-1536x492 - CPAR - Campus de Parana\u00edba<\/title>\n<meta name=\"robots\" content=\"index, follow, max-snippet:-1, max-image-preview:large, max-video-preview:-1\" \/>\n<link rel=\"canonical\" href=\"https:\/\/cpar.ufms.br\/files\/2025\/03\/Quero-ser-UFMS-2025_Destacao-1536x492-1.jpg\" \/>\n<meta property=\"og:locale\" content=\"en_US\" \/>\n<meta property=\"og:type\" content=\"article\" \/>\n<meta property=\"og:title\" content=\"Quero-ser-UFMS-2025_Destacao-1536x492 - CPAR - Campus de Parana\u00edba\" \/>\n<meta property=\"og:url\" content=\"https:\/\/cpar.ufms.br\/files\/2025\/03\/Quero-ser-UFMS-2025_Destacao-1536x492-1.jpg\" \/>\n<meta property=\"og:site_name\" content=\"CPAR - Campus de Parana\u00edba\" \/>\n<meta property=\"og:image\" content=\"https:\/\/cpar.ufms.br\/files\/2025\/03\/Quero-ser-UFMS-2025_Destacao-1536x492-1.jpg\" \/>\n\t<meta property=\"og:image:width\" content=\"1\" \/>\n\t<meta property=\"og:image:height\" content=\"1\" \/>\n\t<meta property=\"og:image:type\" content=\"image\/jpeg\" \/>\n<meta name=\"twitter:label1\" content=\"Written by\" \/>\n\t<meta name=\"twitter:data1\" content=\"Ailton Junior\" \/>\n<script type=\"application\/ld+json\" class=\"yoast-schema-graph\">{\"@context\":\"https:\/\/schema.org\",\"@graph\":[{\"@type\":\"WebPage\",\"@id\":\"https:\/\/cpar.ufms.br\/files\/2025\/03\/Quero-ser-UFMS-2025_Destacao-1536x492-1.jpg\",\"url\":\"https:\/\/cpar.ufms.br\/files\/2025\/03\/Quero-ser-UFMS-2025_Destacao-1536x492-1.jpg\",\"name\":\"Quero-ser-UFMS-2025_Destacao-1536x492 - CPAR - Campus de Parana\u00edba\",\"isPartOf\":{\"@id\":\"https:\/\/cpar.ufms.br\/#website\"},\"datePublished\":\"2025-03-06T17:58:49+00:00\",\"breadcrumb\":{\"@id\":\"https:\/\/cpar.ufms.br\/files\/2025\/03\/Quero-ser-UFMS-2025_Destacao-1536x492-1.jpg#breadcrumb\"},\"inLanguage\":\"en-US\",\"potentialAction\":[{\"@type\":\"ReadAction\",\"target\":[\"https:\/\/cpar.ufms.br\/files\/2025\/03\/Quero-ser-UFMS-2025_Destacao-1536x492-1.jpg\"]}]},{\"@type\":\"BreadcrumbList\",\"@id\":\"https:\/\/cpar.ufms.br\/files\/2025\/03\/Quero-ser-UFMS-2025_Destacao-1536x492-1.jpg#breadcrumb\",\"itemListElement\":[{\"@type\":\"ListItem\",\"position\":1,\"name\":\"In\u00edcio\",\"item\":\"https:\/\/cpar.ufms.br\/\"},{\"@type\":\"ListItem\",\"position\":2,\"name\":\"Quero Ser UFMS 2025 abre inscri\u00e7\u00f5es para cursos presenciais e a dist\u00e2ncia\",\"item\":\"https:\/\/cpar.ufms.br\/quero-ser-ufms-2025-abre-inscricoes-para-cursos-presenciais-e-a-distancia\/\"},{\"@type\":\"ListItem\",\"position\":3,\"name\":\"Quero-ser-UFMS-2025_Destacao-1536&#215;492\"}]},{\"@type\":\"WebSite\",\"@id\":\"https:\/\/cpar.ufms.br\/#website\",\"url\":\"https:\/\/cpar.ufms.br\/\",\"name\":\"CPAR - Campus de Parana\u00edba\",\"description\":\"Universidade Federal de Mato Grosso do Sul\",\"potentialAction\":[{\"@type\":\"SearchAction\",\"target\":{\"@type\":\"EntryPoint\",\"urlTemplate\":\"https:\/\/cpar.ufms.br\/?s={search_term_string}\"},\"query-input\":{\"@type\":\"PropertyValueSpecification\",\"valueRequired\":true,\"valueName\":\"search_term_string\"}}],\"inLanguage\":\"en-US\"}]}<\/script>\n<!-- \/ Yoast SEO plugin. -->","yoast_head_json":{"title":"Quero-ser-UFMS-2025_Destacao-1536x492 - CPAR - Campus de Parana\u00edba","robots":{"index":"index","follow":"follow","max-snippet":"max-snippet:-1","max-image-preview":"max-image-preview:large","max-video-preview":"max-video-preview:-1"},"canonical":"https:\/\/cpar.ufms.br\/files\/2025\/03\/Quero-ser-UFMS-2025_Destacao-1536x492-1.jpg","og_locale":"en_US","og_type":"article","og_title":"Quero-ser-UFMS-2025_Destacao-1536x492 - CPAR - Campus de Parana\u00edba","og_url":"https:\/\/cpar.ufms.br\/files\/2025\/03\/Quero-ser-UFMS-2025_Destacao-1536x492-1.jpg","og_site_name":"CPAR - Campus de Parana\u00edba","og_image":[{"url":"https:\/\/cpar.ufms.br\/files\/2025\/03\/Quero-ser-UFMS-2025_Destacao-1536x492-1.jpg","width":1,"height":1,"type":"image\/jpeg"}],"twitter_misc":{"Written by":"Ailton Junior"},"schema":{"@context":"https:\/\/schema.org","@graph":[{"@type":"WebPage","@id":"https:\/\/cpar.ufms.br\/files\/2025\/03\/Quero-ser-UFMS-2025_Destacao-1536x492-1.jpg","url":"https:\/\/cpar.ufms.br\/files\/2025\/03\/Quero-ser-UFMS-2025_Destacao-1536x492-1.jpg","name":"Quero-ser-UFMS-2025_Destacao-1536x492 - CPAR - Campus de Parana\u00edba","isPartOf":{"@id":"https:\/\/cpar.ufms.br\/#website"},"datePublished":"2025-03-06T17:58:49+00:00","breadcrumb":{"@id":"https:\/\/cpar.ufms.br\/files\/2025\/03\/Quero-ser-UFMS-2025_Destacao-1536x492-1.jpg#breadcrumb"},"inLanguage":"en-US","potentialAction":[{"@type":"ReadAction","target":["https:\/\/cpar.ufms.br\/files\/2025\/03\/Quero-ser-UFMS-2025_Destacao-1536x492-1.jpg"]}]},{"@type":"BreadcrumbList","@id":"https:\/\/cpar.ufms.br\/files\/2025\/03\/Quero-ser-UFMS-2025_Destacao-1536x492-1.jpg#breadcrumb","itemListElement":[{"@type":"ListItem","position":1,"name":"In\u00edcio","item":"https:\/\/cpar.ufms.br\/"},{"@type":"ListItem","position":2,"name":"Quero Ser UFMS 2025 abre inscri\u00e7\u00f5es para cursos presenciais e a dist\u00e2ncia","item":"https:\/\/cpar.ufms.br\/quero-ser-ufms-2025-abre-inscricoes-para-cursos-presenciais-e-a-distancia\/"},{"@type":"ListItem","position":3,"name":"Quero-ser-UFMS-2025_Destacao-1536&#215;492"}]},{"@type":"WebSite","@id":"https:\/\/cpar.ufms.br\/#website","url":"https:\/\/cpar.ufms.br\/","name":"CPAR - Campus de Parana\u00edba","description":"Universidade Federal de Mato Grosso do Sul","potentialAction":[{"@type":"SearchAction","target":{"@type":"EntryPoint","urlTemplate":"https:\/\/cpar.ufms.br\/?s={search_term_string}"},"query-input":{"@type":"PropertyValueSpecification","valueRequired":true,"valueName":"search_term_string"}}],"inLanguage":"en-US"}]}},"description":{"rendered":"<p class=\"attachment\"><a href='https:\/\/cpar.ufms.br\/files\/2025\/03\/Quero-ser-UFMS-2025_Destacao-1536x492-1.jpg'><img decoding=\"async\" width=\"300\" height=\"96\" src=\"https:\/\/cpar.ufms.br\/files\/2025\/03\/Quero-ser-UFMS-2025_Destacao-1536x492-1-300x96.jpg\" class=\"attachment-medium size-medium\" alt=\"\" srcset=\"https:\/\/cpar.ufms.br\/files\/2025\/03\/Quero-ser-UFMS-2025_Destacao-1536x492-1-300x96.jpg 300w, https:\/\/cpar.ufms.br\/files\/2025\/03\/Quero-ser-UFMS-2025_Destacao-1536x492-1-1024x328.jpg 1024w, https:\/\/cpar.ufms.br\/files\/2025\/03\/Quero-ser-UFMS-2025_Destacao-1536x492-1-768x246.jpg 768w, https:\/\/cpar.ufms.br\/files\/2025\/03\/Quero-ser-UFMS-2025_Destacao-1536x492-1-730x234.jpg 730w, https:\/\/cpar.ufms.br\/files\/2025\/03\/Quero-ser-UFMS-2025_Destacao-1536x492-1.jpg 1536w\" sizes=\"(max-width: 300px) 100vw, 300px\" \/><\/a><\/p>\n"},"caption":{"rendered":""},"alt_text":"","media_type":"image","mime_type":"image\/jpeg","media_details":{"width":1536,"height":492,"file":"2025\/03\/Quero-ser-UFMS-2025_Destacao-1536x492-1.jpg","filesize":104944,"sizes":{"medium":{"file":"Quero-ser-UFMS-2025_Destacao-1536x492-1-300x96.jpg","width":300,"height":96,"filesize":8838,"mime_type":"image\/jpeg","source_url":"https:\/\/cpar.ufms.br\/files\/2025\/03\/Quero-ser-UFMS-2025_Destacao-1536x492-1-300x96.jpg"},"large":{"file":"Quero-ser-UFMS-2025_Destacao-1536x492-1-1024x328.jpg","width":1024,"height":328,"filesize":47027,"mime_type":"image\/jpeg","source_url":"https:\/\/cpar.ufms.br\/files\/2025\/03\/Quero-ser-UFMS-2025_Destacao-1536x492-1-1024x328.jpg"},"thumbnail":{"file":"Quero-ser-UFMS-2025_Destacao-1536x492-1-150x150.jpg","width":150,"height":150,"filesize":6292,"mime_type":"image\/jpeg","source_url":"https:\/\/cpar.ufms.br\/files\/2025\/03\/Quero-ser-UFMS-2025_Destacao-1536x492-1-150x150.jpg"},"medium_large":{"file":"Quero-ser-UFMS-2025_Destacao-1536x492-1-768x246.jpg","width":768,"height":246,"filesize":33302,"mime_type":"image\/jpeg","source_url":"https:\/\/cpar.ufms.br\/files\/2025\/03\/Quero-ser-UFMS-2025_Destacao-1536x492-1-768x246.jpg"},"post-thumbnail":{"file":"Quero-ser-UFMS-2025_Destacao-1536x492-1-730x234.jpg","width":730,"height":234,"filesize":30212,"mime_type":"image\/jpeg","source_url":"https:\/\/cpar.ufms.br\/files\/2025\/03\/Quero-ser-UFMS-2025_Destacao-1536x492-1-730x234.jpg"},"thumbnail-categoria":{"file":"Quero-ser-UFMS-2025_Destacao-1536x492-1-730x200.jpg","width":730,"height":200,"filesize":27539,"mime_type":"image\/jpeg","source_url":"https:\/\/cpar.ufms.br\/files\/2025\/03\/Quero-ser-UFMS-2025_Destacao-1536x492-1-730x200.jpg"},"content-img":{"file":"Quero-ser-UFMS-2025_Destacao-1536x492-1-738x330.jpg","width":738,"height":330,"filesize":33049,"mime_type":"image\/jpeg","source_url":"https:\/\/cpar.ufms.br\/files\/2025\/03\/Quero-ser-UFMS-2025_Destacao-1536x492-1-738x330.jpg"},"img-boxes":{"file":"Quero-ser-UFMS-2025_Destacao-1536x492-1-350x233.jpg","width":350,"height":233,"filesize":15666,"mime_type":"image\/jpeg","source_url":"https:\/\/cpar.ufms.br\/files\/2025\/03\/Quero-ser-UFMS-2025_Destacao-1536x492-1-350x233.jpg"},"img-2":{"file":"Quero-ser-UFMS-2025_Destacao-1536x492-1-350x233.jpg","width":350,"height":233,"filesize":15666,"mime_type":"image\/jpeg","source_url":"https:\/\/cpar.ufms.br\/files\/2025\/03\/Quero-ser-UFMS-2025_Destacao-1536x492-1-350x233.jpg"},"img-1":{"file":"Quero-ser-UFMS-2025_Destacao-1536x492-1-555x233.jpg","width":555,"height":233,"filesize":23099,"mime_type":"image\/jpeg","source_url":"https:\/\/cpar.ufms.br\/files\/2025\/03\/Quero-ser-UFMS-2025_Destacao-1536x492-1-555x233.jpg"},"full":{"file":"Quero-ser-UFMS-2025_Destacao-1536x492-1.jpg","width":1536,"height":492,"mime_type":"image\/jpeg","source_url":"https:\/\/cpar.ufms.br\/files\/2025\/03\/Quero-ser-UFMS-2025_Destacao-1536x492-1.jpg"}},"image_meta":{"aperture":"0","credit":"","camera":"","caption":"","created_timestamp":"0","copyright":"","focal_length":"0","iso":"0","shutter_speed":"0","title":"","orientation":"0","keywords":[]}},"post":16547,"source_url":"https:\/\/cpar.ufms.br\/files\/2025\/03\/Quero-ser-UFMS-2025_Destacao-1536x492-1.jpg","_links":{"self":[{"href":"https:\/\/cpar.ufms.br\/en\/wp-json\/wp\/v2\/media\/16548","targetHints":{"allow":["GET"]}}],"collection":[{"href":"https:\/\/cpar.ufms.br\/en\/wp-json\/wp\/v2\/media"}],"about":[{"href":"https:\/\/cpar.ufms.br\/en\/wp-json\/wp\/v2\/types\/attachment"}],"author":[{"embeddable":true,"href":"https:\/\/cpar.ufms.br\/en\/wp-json\/wp\/v2\/users\/6362"}],"replies":[{"embeddable":true,"href":"https:\/\/cpar.ufms.br\/en\/wp-json\/wp\/v2\/comments?post=16548"}]}}

<!-- This site is optimized with the Yoast SEO plugin v26.2 - https://yoast.com/wordpress/plugins/seo/ -->
<title>Quero-ser-UFMS-2025_Destacao-1536x492 - CPAR - Campus de Paranaíba</title>
<meta name="robots" content="index, follow, max-snippet:-1, max-image-preview:large, max-video-preview:-1" />
<link rel="canonical" href="https://cpar.ufms.br/files/2025/03/Quero-ser-UFMS-2025_Destacao-1536x492-1.jpg" />
<meta property="og:locale" content="en_US" />
<meta property="og:type" content="article" />
<meta property="og:title" content="Quero-ser-UFMS-2025_Destacao-1536x492 - CPAR - Campus de Paranaíba" />
<meta property="og:url" content="https://cpar.ufms.br/files/2025/03/Quero-ser-UFMS-2025_Destacao-1536x492-1.jpg" />
<meta property="og:site_name" content="CPAR - Campus de Paranaíba" />
<meta property="og:image" content="https://cpar.ufms.br/files/2025/03/Quero-ser-UFMS-2025_Destacao-1536x492-1.jpg" />
	<meta property="og:image:width" content="1" />
	<meta property="og:image:height" content="1" />
	<meta property="og:image:type" content="image/jpeg" />
<meta name="twitter:label1" content="Written by" />
	<meta name="twitter:data1" content="Ailton Junior" />
<script type="application/ld+json" class="yoast-schema-graph">{"@context":"https://schema.org","@graph":[{"@type":"WebPage","@id":"https://cpar.ufms.br/files/2025/03/Quero-ser-UFMS-2025_Destacao-1536x492-1.jpg","url":"https://cpar.ufms.br/files/2025/03/Quero-ser-UFMS-2025_Destacao-1536x492-1.jpg","name":"Quero-ser-UFMS-2025_Destacao-1536x492 - CPAR - Campus de Paranaíba","isPartOf":{"@id":"https://cpar.ufms.br/#website"},"datePublished":"2025-03-06T17:58:49+00:00","breadcrumb":{"@id":"https://cpar.ufms.br/files/2025/03/Quero-ser-UFMS-2025_Destacao-1536x492-1.jpg#breadcrumb"},"inLanguage":"en-US","potentialAction":[{"@type":"ReadAction","target":["https://cpar.ufms.br/files/2025/03/Quero-ser-UFMS-2025_Destacao-1536x492-1.jpg"]}]},{"@type":"BreadcrumbList","@id":"https://cpar.ufms.br/files/2025/03/Quero-ser-UFMS-2025_Destacao-1536x492-1.jpg#breadcrumb","itemListElement":[{"@type":"ListItem","position":1,"name":"Início","item":"https://cpar.ufms.br/"},{"@type":"ListItem","position":2,"name":"Quero Ser UFMS 2025 abre inscrições para cursos presenciais e a distância","item":"https://cpar.ufms.br/quero-ser-ufms-2025-abre-inscricoes-para-cursos-presenciais-e-a-distancia/"},{"@type":"ListItem","position":3,"name":"Quero-ser-UFMS-2025_Destacao-1536&#215;492"}]},{"@type":"WebSite","@id":"https://cpar.ufms.br/#website","url":"https://cpar.ufms.br/","name":"CPAR - Campus de Paranaíba","description":"Universidade Federal de Mato Grosso do Sul","potentialAction":[{"@type":"SearchAction","target":{"@type":"EntryPoint","urlTemplate":"https://cpar.ufms.br/?s={search_term_string}"},"query-input":{"@type":"PropertyValueSpecification","valueRequired":true,"valueName":"search_term_string"}}],"inLanguage":"en-US"}]}</script>
<!-- / Yoast SEO plugin. -->

Quero-ser-UFMS-2025_Destacao-1536x492 - CPAR - Campus de Paranaíba

CPAR - Campus de Paranaíba

Início

Quero Ser UFMS 2025 abre inscrições para cursos presenciais e a distância
