{"id":3949,"date":"2016-04-12T18:57:21","date_gmt":"2016-04-12T22:57:21","guid":{"rendered":"http:\/\/cpar.draconis.ufms.br\/files\/2016\/04\/tabela3.png"},"modified":"2016-04-12T18:57:21","modified_gmt":"2016-04-12T22:57:21","slug":"tabela3","status":"inherit","type":"attachment","link":"https:\/\/cpar.ufms.br\/en\/ii-encontro-de-psicologia-e-educacao-na-perspectiva-historico-cultural-ufmsuems\/tabela3\/","title":{"rendered":"tabela3"},"author":1381,"featured_media":0,"comment_status":"closed","ping_status":"closed","template":"","meta":[],"class_list":["post-3949","attachment","type-attachment","status-inherit","hentry"],"yoast_head":"<!-- This site is optimized with the Yoast SEO plugin v26.2 - https:\/\/yoast.com\/wordpress\/plugins\/seo\/ -->\n<title>tabela3 - CPAR - Campus de Parana\u00edba<\/title>\n<meta name=\"robots\" content=\"index, follow, max-snippet:-1, max-image-preview:large, max-video-preview:-1\" \/>\n<link rel=\"canonical\" href=\"https:\/\/cpar.ufms.br\/files\/2016\/04\/tabela3.png\" \/>\n<meta property=\"og:locale\" content=\"en_US\" \/>\n<meta property=\"og:type\" content=\"article\" \/>\n<meta property=\"og:title\" content=\"tabela3 - CPAR - Campus de Parana\u00edba\" \/>\n<meta property=\"og:url\" content=\"https:\/\/cpar.ufms.br\/files\/2016\/04\/tabela3.png\" \/>\n<meta property=\"og:site_name\" content=\"CPAR - Campus de Parana\u00edba\" \/>\n<meta property=\"og:image\" content=\"https:\/\/cpar.ufms.br\/files\/2016\/04\/tabela3.png\" \/>\n\t<meta property=\"og:image:width\" content=\"1107\" \/>\n\t<meta property=\"og:image:height\" content=\"1089\" \/>\n\t<meta property=\"og:image:type\" content=\"image\/png\" \/>\n<meta name=\"twitter:label1\" content=\"Written by\" \/>\n\t<meta name=\"twitter:data1\" content=\"dirceu.matos\" \/>\n<script type=\"application\/ld+json\" class=\"yoast-schema-graph\">{\"@context\":\"https:\/\/schema.org\",\"@graph\":[{\"@type\":\"WebPage\",\"@id\":\"https:\/\/cpar.ufms.br\/files\/2016\/04\/tabela3.png\",\"url\":\"https:\/\/cpar.ufms.br\/files\/2016\/04\/tabela3.png\",\"name\":\"tabela3 - CPAR - Campus de Parana\u00edba\",\"isPartOf\":{\"@id\":\"https:\/\/cpar.ufms.br\/#website\"},\"datePublished\":\"2016-04-12T22:57:21+00:00\",\"breadcrumb\":{\"@id\":\"https:\/\/cpar.ufms.br\/files\/2016\/04\/tabela3.png#breadcrumb\"},\"inLanguage\":\"en-US\",\"potentialAction\":[{\"@type\":\"ReadAction\",\"target\":[\"https:\/\/cpar.ufms.br\/files\/2016\/04\/tabela3.png\"]}]},{\"@type\":\"BreadcrumbList\",\"@id\":\"https:\/\/cpar.ufms.br\/files\/2016\/04\/tabela3.png#breadcrumb\",\"itemListElement\":[{\"@type\":\"ListItem\",\"position\":1,\"name\":\"In\u00edcio\",\"item\":\"https:\/\/cpar.ufms.br\/\"},{\"@type\":\"ListItem\",\"position\":2,\"name\":\"II Encontro de Psicologia e Educa\u00e7\u00e3o na Perspectiva Hist\u00f3rico-Cultural UFMS|UEMS\",\"item\":\"https:\/\/cpar.ufms.br\/ii-encontro-de-psicologia-e-educacao-na-perspectiva-historico-cultural-ufmsuems\/\"},{\"@type\":\"ListItem\",\"position\":3,\"name\":\"tabela3\"}]},{\"@type\":\"WebSite\",\"@id\":\"https:\/\/cpar.ufms.br\/#website\",\"url\":\"https:\/\/cpar.ufms.br\/\",\"name\":\"CPAR - Campus de Parana\u00edba\",\"description\":\"Universidade Federal de Mato Grosso do Sul\",\"potentialAction\":[{\"@type\":\"SearchAction\",\"target\":{\"@type\":\"EntryPoint\",\"urlTemplate\":\"https:\/\/cpar.ufms.br\/?s={search_term_string}\"},\"query-input\":{\"@type\":\"PropertyValueSpecification\",\"valueRequired\":true,\"valueName\":\"search_term_string\"}}],\"inLanguage\":\"en-US\"}]}<\/script>\n<!-- \/ Yoast SEO plugin. -->","yoast_head_json":{"title":"tabela3 - CPAR - Campus de Parana\u00edba","robots":{"index":"index","follow":"follow","max-snippet":"max-snippet:-1","max-image-preview":"max-image-preview:large","max-video-preview":"max-video-preview:-1"},"canonical":"https:\/\/cpar.ufms.br\/files\/2016\/04\/tabela3.png","og_locale":"en_US","og_type":"article","og_title":"tabela3 - CPAR - Campus de Parana\u00edba","og_url":"https:\/\/cpar.ufms.br\/files\/2016\/04\/tabela3.png","og_site_name":"CPAR - Campus de Parana\u00edba","og_image":[{"width":1107,"height":1089,"url":"https:\/\/cpar.ufms.br\/files\/2016\/04\/tabela3.png","type":"image\/png"}],"twitter_misc":{"Written by":"dirceu.matos"},"schema":{"@context":"https:\/\/schema.org","@graph":[{"@type":"WebPage","@id":"https:\/\/cpar.ufms.br\/files\/2016\/04\/tabela3.png","url":"https:\/\/cpar.ufms.br\/files\/2016\/04\/tabela3.png","name":"tabela3 - CPAR - Campus de Parana\u00edba","isPartOf":{"@id":"https:\/\/cpar.ufms.br\/#website"},"datePublished":"2016-04-12T22:57:21+00:00","breadcrumb":{"@id":"https:\/\/cpar.ufms.br\/files\/2016\/04\/tabela3.png#breadcrumb"},"inLanguage":"en-US","potentialAction":[{"@type":"ReadAction","target":["https:\/\/cpar.ufms.br\/files\/2016\/04\/tabela3.png"]}]},{"@type":"BreadcrumbList","@id":"https:\/\/cpar.ufms.br\/files\/2016\/04\/tabela3.png#breadcrumb","itemListElement":[{"@type":"ListItem","position":1,"name":"In\u00edcio","item":"https:\/\/cpar.ufms.br\/"},{"@type":"ListItem","position":2,"name":"II Encontro de Psicologia e Educa\u00e7\u00e3o na Perspectiva Hist\u00f3rico-Cultural UFMS|UEMS","item":"https:\/\/cpar.ufms.br\/ii-encontro-de-psicologia-e-educacao-na-perspectiva-historico-cultural-ufmsuems\/"},{"@type":"ListItem","position":3,"name":"tabela3"}]},{"@type":"WebSite","@id":"https:\/\/cpar.ufms.br\/#website","url":"https:\/\/cpar.ufms.br\/","name":"CPAR - Campus de Parana\u00edba","description":"Universidade Federal de Mato Grosso do Sul","potentialAction":[{"@type":"SearchAction","target":{"@type":"EntryPoint","urlTemplate":"https:\/\/cpar.ufms.br\/?s={search_term_string}"},"query-input":{"@type":"PropertyValueSpecification","valueRequired":true,"valueName":"search_term_string"}}],"inLanguage":"en-US"}]}},"description":{"rendered":"<p class=\"attachment\"><a href='https:\/\/cpar.ufms.br\/files\/2016\/04\/tabela3.png'><img fetchpriority=\"high\" decoding=\"async\" width=\"300\" height=\"295\" src=\"https:\/\/cpar.ufms.br\/files\/2016\/04\/tabela3-300x295.png\" class=\"attachment-medium size-medium\" alt=\"\" srcset=\"https:\/\/cpar.ufms.br\/files\/2016\/04\/tabela3-300x295.png 300w, https:\/\/cpar.ufms.br\/files\/2016\/04\/tabela3-768x756.png 768w, https:\/\/cpar.ufms.br\/files\/2016\/04\/tabela3-1024x1007.png 1024w, https:\/\/cpar.ufms.br\/files\/2016\/04\/tabela3-325x320.png 325w, https:\/\/cpar.ufms.br\/files\/2016\/04\/tabela3.png 1107w\" sizes=\"(max-width: 300px) 100vw, 300px\" \/><\/a><\/p>\n"},"caption":{"rendered":""},"alt_text":"","media_type":"image","mime_type":"image\/png","media_details":{"width":1107,"height":1089,"file":"2016\/04\/tabela3.png","sizes":{"thumbnail":{"file":"tabela3-150x150.png","width":150,"height":150,"mime_type":"image\/png","source_url":"https:\/\/cpar.ufms.br\/files\/2016\/04\/tabela3-150x150.png"},"medium":{"file":"tabela3-300x295.png","width":300,"height":295,"mime_type":"image\/png","source_url":"https:\/\/cpar.ufms.br\/files\/2016\/04\/tabela3-300x295.png"},"medium_large":{"file":"tabela3-768x756.png","width":768,"height":756,"mime_type":"image\/png","source_url":"https:\/\/cpar.ufms.br\/files\/2016\/04\/tabela3-768x756.png"},"large":{"file":"tabela3-1024x1007.png","width":1024,"height":1007,"mime_type":"image\/png","source_url":"https:\/\/cpar.ufms.br\/files\/2016\/04\/tabela3-1024x1007.png"},"post-thumbnail":{"file":"tabela3-325x320.png","width":325,"height":320,"mime_type":"image\/png","source_url":"https:\/\/cpar.ufms.br\/files\/2016\/04\/tabela3-325x320.png"},"thumbnail-categoria":{"file":"tabela3-730x200.png","width":730,"height":200,"mime_type":"image\/png","source_url":"https:\/\/cpar.ufms.br\/files\/2016\/04\/tabela3-730x200.png"},"content-img":{"file":"tabela3-738x330.png","width":738,"height":330,"mime_type":"image\/png","source_url":"https:\/\/cpar.ufms.br\/files\/2016\/04\/tabela3-738x330.png"},"img-boxes":{"file":"tabela3-350x233.png","width":350,"height":233,"mime_type":"image\/png","source_url":"https:\/\/cpar.ufms.br\/files\/2016\/04\/tabela3-350x233.png"},"full":{"file":"tabela3.png","width":1107,"height":1089,"mime_type":"image\/png","source_url":"https:\/\/cpar.ufms.br\/files\/2016\/04\/tabela3.png"}},"image_meta":{"aperture":"0","credit":"","camera":"","caption":"","created_timestamp":"0","copyright":"","focal_length":"0","iso":"0","shutter_speed":"0","title":"","orientation":"0","keywords":[]}},"post":3944,"source_url":"https:\/\/cpar.ufms.br\/files\/2016\/04\/tabela3.png","_links":{"self":[{"href":"https:\/\/cpar.ufms.br\/en\/wp-json\/wp\/v2\/media\/3949","targetHints":{"allow":["GET"]}}],"collection":[{"href":"https:\/\/cpar.ufms.br\/en\/wp-json\/wp\/v2\/media"}],"about":[{"href":"https:\/\/cpar.ufms.br\/en\/wp-json\/wp\/v2\/types\/attachment"}],"author":[{"embeddable":true,"href":"https:\/\/cpar.ufms.br\/en\/wp-json\/wp\/v2\/users\/1381"}],"replies":[{"embeddable":true,"href":"https:\/\/cpar.ufms.br\/en\/wp-json\/wp\/v2\/comments?post=3949"}]}}

<!-- This site is optimized with the Yoast SEO plugin v26.2 - https://yoast.com/wordpress/plugins/seo/ -->
<title>tabela3 - CPAR - Campus de Paranaíba</title>
<meta name="robots" content="index, follow, max-snippet:-1, max-image-preview:large, max-video-preview:-1" />
<link rel="canonical" href="https://cpar.ufms.br/files/2016/04/tabela3.png" />
<meta property="og:locale" content="en_US" />
<meta property="og:type" content="article" />
<meta property="og:title" content="tabela3 - CPAR - Campus de Paranaíba" />
<meta property="og:url" content="https://cpar.ufms.br/files/2016/04/tabela3.png" />
<meta property="og:site_name" content="CPAR - Campus de Paranaíba" />
<meta property="og:image" content="https://cpar.ufms.br/files/2016/04/tabela3.png" />
	<meta property="og:image:width" content="1107" />
	<meta property="og:image:height" content="1089" />
	<meta property="og:image:type" content="image/png" />
<meta name="twitter:label1" content="Written by" />
	<meta name="twitter:data1" content="dirceu.matos" />
<script type="application/ld+json" class="yoast-schema-graph">{"@context":"https://schema.org","@graph":[{"@type":"WebPage","@id":"https://cpar.ufms.br/files/2016/04/tabela3.png","url":"https://cpar.ufms.br/files/2016/04/tabela3.png","name":"tabela3 - CPAR - Campus de Paranaíba","isPartOf":{"@id":"https://cpar.ufms.br/#website"},"datePublished":"2016-04-12T22:57:21+00:00","breadcrumb":{"@id":"https://cpar.ufms.br/files/2016/04/tabela3.png#breadcrumb"},"inLanguage":"en-US","potentialAction":[{"@type":"ReadAction","target":["https://cpar.ufms.br/files/2016/04/tabela3.png"]}]},{"@type":"BreadcrumbList","@id":"https://cpar.ufms.br/files/2016/04/tabela3.png#breadcrumb","itemListElement":[{"@type":"ListItem","position":1,"name":"Início","item":"https://cpar.ufms.br/"},{"@type":"ListItem","position":2,"name":"II Encontro de Psicologia e Educação na Perspectiva Histórico-Cultural UFMS|UEMS","item":"https://cpar.ufms.br/ii-encontro-de-psicologia-e-educacao-na-perspectiva-historico-cultural-ufmsuems/"},{"@type":"ListItem","position":3,"name":"tabela3"}]},{"@type":"WebSite","@id":"https://cpar.ufms.br/#website","url":"https://cpar.ufms.br/","name":"CPAR - Campus de Paranaíba","description":"Universidade Federal de Mato Grosso do Sul","potentialAction":[{"@type":"SearchAction","target":{"@type":"EntryPoint","urlTemplate":"https://cpar.ufms.br/?s={search_term_string}"},"query-input":{"@type":"PropertyValueSpecification","valueRequired":true,"valueName":"search_term_string"}}],"inLanguage":"en-US"}]}</script>
<!-- / Yoast SEO plugin. -->

tabela3 - CPAR - Campus de Paranaíba

CPAR - Campus de Paranaíba

Início

II Encontro de Psicologia e Educação na Perspectiva Histórico-Cultural UFMS|UEMS
