{"id":7359,"date":"2018-08-29T15:36:49","date_gmt":"2018-08-29T19:36:49","guid":{"rendered":"https:\/\/cpar.ufms.br\/files\/2015\/01\/Relacao-de-Passageiros-de-Veiculo-Oficial.pdf"},"modified":"2018-08-29T15:36:49","modified_gmt":"2018-08-29T19:36:49","slug":"relacao-de-passageiros-de-veiculo-oficial","status":"inherit","type":"attachment","link":"https:\/\/cpar.ufms.br\/en\/institucional\/utilizacao-micro-onibus\/relacao-de-passageiros-de-veiculo-oficial\/","title":{"rendered":"Relacao de Passageiros de Veiculo Oficial"},"author":2862,"featured_media":0,"comment_status":"closed","ping_status":"closed","template":"","meta":[],"class_list":["post-7359","attachment","type-attachment","status-inherit","hentry"],"yoast_head":"<!-- This site is optimized with the Yoast SEO plugin v26.2 - https:\/\/yoast.com\/wordpress\/plugins\/seo\/ -->\n<title>Relacao de Passageiros de Veiculo Oficial - CPAR - Campus de Parana\u00edba<\/title>\n<meta name=\"robots\" content=\"index, follow, max-snippet:-1, max-image-preview:large, max-video-preview:-1\" \/>\n<link rel=\"canonical\" href=\"https:\/\/cpar.ufms.br\/files\/2015\/01\/Relacao-de-Passageiros-de-Veiculo-Oficial.pdf\" \/>\n<meta property=\"og:locale\" content=\"en_US\" \/>\n<meta property=\"og:type\" content=\"article\" \/>\n<meta property=\"og:title\" content=\"Relacao de Passageiros de Veiculo Oficial - CPAR - Campus de Parana\u00edba\" \/>\n<meta property=\"og:description\" content=\"Relacao de Passageiros de Veiculo Oficial\" \/>\n<meta property=\"og:url\" content=\"https:\/\/cpar.ufms.br\/files\/2015\/01\/Relacao-de-Passageiros-de-Veiculo-Oficial.pdf\" \/>\n<meta property=\"og:site_name\" content=\"CPAR - Campus de Parana\u00edba\" \/>\n<meta name=\"twitter:label1\" content=\"Written by\" \/>\n\t<meta name=\"twitter:data1\" content=\"leonardo.chaves\" \/>\n<script type=\"application\/ld+json\" class=\"yoast-schema-graph\">{\"@context\":\"https:\/\/schema.org\",\"@graph\":[{\"@type\":\"WebPage\",\"@id\":\"https:\/\/cpar.ufms.br\/files\/2015\/01\/Relacao-de-Passageiros-de-Veiculo-Oficial.pdf\",\"url\":\"https:\/\/cpar.ufms.br\/files\/2015\/01\/Relacao-de-Passageiros-de-Veiculo-Oficial.pdf\",\"name\":\"Relacao de Passageiros de Veiculo Oficial - CPAR - Campus de Parana\u00edba\",\"isPartOf\":{\"@id\":\"https:\/\/cpar.ufms.br\/#website\"},\"datePublished\":\"2018-08-29T19:36:49+00:00\",\"breadcrumb\":{\"@id\":\"https:\/\/cpar.ufms.br\/files\/2015\/01\/Relacao-de-Passageiros-de-Veiculo-Oficial.pdf#breadcrumb\"},\"inLanguage\":\"en-US\",\"potentialAction\":[{\"@type\":\"ReadAction\",\"target\":[\"https:\/\/cpar.ufms.br\/files\/2015\/01\/Relacao-de-Passageiros-de-Veiculo-Oficial.pdf\"]}]},{\"@type\":\"BreadcrumbList\",\"@id\":\"https:\/\/cpar.ufms.br\/files\/2015\/01\/Relacao-de-Passageiros-de-Veiculo-Oficial.pdf#breadcrumb\",\"itemListElement\":[{\"@type\":\"ListItem\",\"position\":1,\"name\":\"In\u00edcio\",\"item\":\"https:\/\/cpar.ufms.br\/\"},{\"@type\":\"ListItem\",\"position\":2,\"name\":\"Institucional\",\"item\":\"https:\/\/cpar.ufms.br\/institucional\/\"},{\"@type\":\"ListItem\",\"position\":3,\"name\":\"Utiliza\u00e7\u00e3o do Micro-\u00f4nibus\",\"item\":\"https:\/\/cpar.ufms.br\/institucional\/utilizacao-micro-onibus\/\"},{\"@type\":\"ListItem\",\"position\":4,\"name\":\"Relacao de Passageiros de Veiculo Oficial\"}]},{\"@type\":\"WebSite\",\"@id\":\"https:\/\/cpar.ufms.br\/#website\",\"url\":\"https:\/\/cpar.ufms.br\/\",\"name\":\"CPAR - Campus de Parana\u00edba\",\"description\":\"Universidade Federal de Mato Grosso do Sul\",\"potentialAction\":[{\"@type\":\"SearchAction\",\"target\":{\"@type\":\"EntryPoint\",\"urlTemplate\":\"https:\/\/cpar.ufms.br\/?s={search_term_string}\"},\"query-input\":{\"@type\":\"PropertyValueSpecification\",\"valueRequired\":true,\"valueName\":\"search_term_string\"}}],\"inLanguage\":\"en-US\"}]}<\/script>\n<!-- \/ Yoast SEO plugin. -->","yoast_head_json":{"title":"Relacao de Passageiros de Veiculo Oficial - CPAR - Campus de Parana\u00edba","robots":{"index":"index","follow":"follow","max-snippet":"max-snippet:-1","max-image-preview":"max-image-preview:large","max-video-preview":"max-video-preview:-1"},"canonical":"https:\/\/cpar.ufms.br\/files\/2015\/01\/Relacao-de-Passageiros-de-Veiculo-Oficial.pdf","og_locale":"en_US","og_type":"article","og_title":"Relacao de Passageiros de Veiculo Oficial - CPAR - Campus de Parana\u00edba","og_description":"Relacao de Passageiros de Veiculo Oficial","og_url":"https:\/\/cpar.ufms.br\/files\/2015\/01\/Relacao-de-Passageiros-de-Veiculo-Oficial.pdf","og_site_name":"CPAR - Campus de Parana\u00edba","twitter_misc":{"Written by":"leonardo.chaves"},"schema":{"@context":"https:\/\/schema.org","@graph":[{"@type":"WebPage","@id":"https:\/\/cpar.ufms.br\/files\/2015\/01\/Relacao-de-Passageiros-de-Veiculo-Oficial.pdf","url":"https:\/\/cpar.ufms.br\/files\/2015\/01\/Relacao-de-Passageiros-de-Veiculo-Oficial.pdf","name":"Relacao de Passageiros de Veiculo Oficial - CPAR - Campus de Parana\u00edba","isPartOf":{"@id":"https:\/\/cpar.ufms.br\/#website"},"datePublished":"2018-08-29T19:36:49+00:00","breadcrumb":{"@id":"https:\/\/cpar.ufms.br\/files\/2015\/01\/Relacao-de-Passageiros-de-Veiculo-Oficial.pdf#breadcrumb"},"inLanguage":"en-US","potentialAction":[{"@type":"ReadAction","target":["https:\/\/cpar.ufms.br\/files\/2015\/01\/Relacao-de-Passageiros-de-Veiculo-Oficial.pdf"]}]},{"@type":"BreadcrumbList","@id":"https:\/\/cpar.ufms.br\/files\/2015\/01\/Relacao-de-Passageiros-de-Veiculo-Oficial.pdf#breadcrumb","itemListElement":[{"@type":"ListItem","position":1,"name":"In\u00edcio","item":"https:\/\/cpar.ufms.br\/"},{"@type":"ListItem","position":2,"name":"Institucional","item":"https:\/\/cpar.ufms.br\/institucional\/"},{"@type":"ListItem","position":3,"name":"Utiliza\u00e7\u00e3o do Micro-\u00f4nibus","item":"https:\/\/cpar.ufms.br\/institucional\/utilizacao-micro-onibus\/"},{"@type":"ListItem","position":4,"name":"Relacao de Passageiros de Veiculo Oficial"}]},{"@type":"WebSite","@id":"https:\/\/cpar.ufms.br\/#website","url":"https:\/\/cpar.ufms.br\/","name":"CPAR - Campus de Parana\u00edba","description":"Universidade Federal de Mato Grosso do Sul","potentialAction":[{"@type":"SearchAction","target":{"@type":"EntryPoint","urlTemplate":"https:\/\/cpar.ufms.br\/?s={search_term_string}"},"query-input":{"@type":"PropertyValueSpecification","valueRequired":true,"valueName":"search_term_string"}}],"inLanguage":"en-US"}]}},"description":{"rendered":"<p class=\"attachment\"><a href='https:\/\/cpar.ufms.br\/files\/2015\/01\/Relacao-de-Passageiros-de-Veiculo-Oficial.pdf'>Relacao de Passageiros de Veiculo Oficial<\/a><\/p>\n"},"caption":{"rendered":"<p>Relacao de Passageiros de Veiculo Oficial<\/p>\n"},"alt_text":"","media_type":"file","mime_type":"application\/pdf","media_details":{},"post":1537,"source_url":"https:\/\/cpar.ufms.br\/files\/2015\/01\/Relacao-de-Passageiros-de-Veiculo-Oficial.pdf","_links":{"self":[{"href":"https:\/\/cpar.ufms.br\/en\/wp-json\/wp\/v2\/media\/7359","targetHints":{"allow":["GET"]}}],"collection":[{"href":"https:\/\/cpar.ufms.br\/en\/wp-json\/wp\/v2\/media"}],"about":[{"href":"https:\/\/cpar.ufms.br\/en\/wp-json\/wp\/v2\/types\/attachment"}],"author":[{"embeddable":true,"href":"https:\/\/cpar.ufms.br\/en\/wp-json\/wp\/v2\/users\/2862"}],"replies":[{"embeddable":true,"href":"https:\/\/cpar.ufms.br\/en\/wp-json\/wp\/v2\/comments?post=7359"}]}}

<!-- This site is optimized with the Yoast SEO plugin v26.2 - https://yoast.com/wordpress/plugins/seo/ -->
<title>Relacao de Passageiros de Veiculo Oficial - CPAR - Campus de Paranaíba</title>
<meta name="robots" content="index, follow, max-snippet:-1, max-image-preview:large, max-video-preview:-1" />
<link rel="canonical" href="https://cpar.ufms.br/files/2015/01/Relacao-de-Passageiros-de-Veiculo-Oficial.pdf" />
<meta property="og:locale" content="en_US" />
<meta property="og:type" content="article" />
<meta property="og:title" content="Relacao de Passageiros de Veiculo Oficial - CPAR - Campus de Paranaíba" />
<meta property="og:description" content="Relacao de Passageiros de Veiculo Oficial" />
<meta property="og:url" content="https://cpar.ufms.br/files/2015/01/Relacao-de-Passageiros-de-Veiculo-Oficial.pdf" />
<meta property="og:site_name" content="CPAR - Campus de Paranaíba" />
<meta name="twitter:label1" content="Written by" />
	<meta name="twitter:data1" content="leonardo.chaves" />
<script type="application/ld+json" class="yoast-schema-graph">{"@context":"https://schema.org","@graph":[{"@type":"WebPage","@id":"https://cpar.ufms.br/files/2015/01/Relacao-de-Passageiros-de-Veiculo-Oficial.pdf","url":"https://cpar.ufms.br/files/2015/01/Relacao-de-Passageiros-de-Veiculo-Oficial.pdf","name":"Relacao de Passageiros de Veiculo Oficial - CPAR - Campus de Paranaíba","isPartOf":{"@id":"https://cpar.ufms.br/#website"},"datePublished":"2018-08-29T19:36:49+00:00","breadcrumb":{"@id":"https://cpar.ufms.br/files/2015/01/Relacao-de-Passageiros-de-Veiculo-Oficial.pdf#breadcrumb"},"inLanguage":"en-US","potentialAction":[{"@type":"ReadAction","target":["https://cpar.ufms.br/files/2015/01/Relacao-de-Passageiros-de-Veiculo-Oficial.pdf"]}]},{"@type":"BreadcrumbList","@id":"https://cpar.ufms.br/files/2015/01/Relacao-de-Passageiros-de-Veiculo-Oficial.pdf#breadcrumb","itemListElement":[{"@type":"ListItem","position":1,"name":"Início","item":"https://cpar.ufms.br/"},{"@type":"ListItem","position":2,"name":"Institucional","item":"https://cpar.ufms.br/institucional/"},{"@type":"ListItem","position":3,"name":"Utilização do Micro-ônibus","item":"https://cpar.ufms.br/institucional/utilizacao-micro-onibus/"},{"@type":"ListItem","position":4,"name":"Relacao de Passageiros de Veiculo Oficial"}]},{"@type":"WebSite","@id":"https://cpar.ufms.br/#website","url":"https://cpar.ufms.br/","name":"CPAR - Campus de Paranaíba","description":"Universidade Federal de Mato Grosso do Sul","potentialAction":[{"@type":"SearchAction","target":{"@type":"EntryPoint","urlTemplate":"https://cpar.ufms.br/?s={search_term_string}"},"query-input":{"@type":"PropertyValueSpecification","valueRequired":true,"valueName":"search_term_string"}}],"inLanguage":"en-US"}]}</script>
<!-- / Yoast SEO plugin. -->

Relacao de Passageiros de Veiculo Oficial - CPAR - Campus de Paranaíba

CPAR - Campus de Paranaíba

Início

Utilização do Micro-ônibus
