{"id":8819,"date":"2019-09-13T08:36:25","date_gmt":"2019-09-13T12:36:25","guid":{"rendered":"https:\/\/cpar.ufms.br\/files\/2019\/09\/SEMEX.CPAR-2.jpg"},"modified":"2019-09-13T08:36:25","modified_gmt":"2019-09-13T12:36:25","slug":"semex-cpar-2","status":"inherit","type":"attachment","link":"https:\/\/cpar.ufms.br\/en\/semana-de-extensao-sera-realizada-no-campus-de-paranaiba-de-16-a-21-de-setembro\/semex-cpar-2\/","title":{"rendered":"SEMEX.CPAR &#8211; 2"},"author":2862,"featured_media":0,"comment_status":"closed","ping_status":"closed","template":"","meta":[],"class_list":["post-8819","attachment","type-attachment","status-inherit","hentry"],"yoast_head":"<!-- This site is optimized with the Yoast SEO plugin v26.2 - https:\/\/yoast.com\/wordpress\/plugins\/seo\/ -->\n<title>SEMEX.CPAR - 2 - CPAR - Campus de Parana\u00edba<\/title>\n<meta name=\"robots\" content=\"index, follow, max-snippet:-1, max-image-preview:large, max-video-preview:-1\" \/>\n<link rel=\"canonical\" href=\"https:\/\/cpar.ufms.br\/files\/2019\/09\/SEMEX.CPAR-2.jpg\" \/>\n<meta property=\"og:locale\" content=\"en_US\" \/>\n<meta property=\"og:type\" content=\"article\" \/>\n<meta property=\"og:title\" content=\"SEMEX.CPAR - 2 - CPAR - Campus de Parana\u00edba\" \/>\n<meta property=\"og:url\" content=\"https:\/\/cpar.ufms.br\/files\/2019\/09\/SEMEX.CPAR-2.jpg\" \/>\n<meta property=\"og:site_name\" content=\"CPAR - Campus de Parana\u00edba\" \/>\n<meta property=\"og:image\" content=\"https:\/\/cpar.ufms.br\/files\/2019\/09\/SEMEX.CPAR-2.jpg\" \/>\n\t<meta property=\"og:image:width\" content=\"1588\" \/>\n\t<meta property=\"og:image:height\" content=\"2246\" \/>\n\t<meta property=\"og:image:type\" content=\"image\/jpeg\" \/>\n<meta name=\"twitter:label1\" content=\"Written by\" \/>\n\t<meta name=\"twitter:data1\" content=\"leonardo.chaves\" \/>\n<script type=\"application\/ld+json\" class=\"yoast-schema-graph\">{\"@context\":\"https:\/\/schema.org\",\"@graph\":[{\"@type\":\"WebPage\",\"@id\":\"https:\/\/cpar.ufms.br\/files\/2019\/09\/SEMEX.CPAR-2.jpg\",\"url\":\"https:\/\/cpar.ufms.br\/files\/2019\/09\/SEMEX.CPAR-2.jpg\",\"name\":\"SEMEX.CPAR - 2 - CPAR - Campus de Parana\u00edba\",\"isPartOf\":{\"@id\":\"https:\/\/cpar.ufms.br\/#website\"},\"datePublished\":\"2019-09-13T12:36:25+00:00\",\"breadcrumb\":{\"@id\":\"https:\/\/cpar.ufms.br\/files\/2019\/09\/SEMEX.CPAR-2.jpg#breadcrumb\"},\"inLanguage\":\"en-US\",\"potentialAction\":[{\"@type\":\"ReadAction\",\"target\":[\"https:\/\/cpar.ufms.br\/files\/2019\/09\/SEMEX.CPAR-2.jpg\"]}]},{\"@type\":\"BreadcrumbList\",\"@id\":\"https:\/\/cpar.ufms.br\/files\/2019\/09\/SEMEX.CPAR-2.jpg#breadcrumb\",\"itemListElement\":[{\"@type\":\"ListItem\",\"position\":1,\"name\":\"In\u00edcio\",\"item\":\"https:\/\/cpar.ufms.br\/\"},{\"@type\":\"ListItem\",\"position\":2,\"name\":\"Semana de Extens\u00e3o ser\u00e1 realizada no Campus de Parana\u00edba de 16 a 21 de setembro\",\"item\":\"https:\/\/cpar.ufms.br\/semana-de-extensao-sera-realizada-no-campus-de-paranaiba-de-16-a-21-de-setembro\/\"},{\"@type\":\"ListItem\",\"position\":3,\"name\":\"SEMEX.CPAR &#8211; 2\"}]},{\"@type\":\"WebSite\",\"@id\":\"https:\/\/cpar.ufms.br\/#website\",\"url\":\"https:\/\/cpar.ufms.br\/\",\"name\":\"CPAR - Campus de Parana\u00edba\",\"description\":\"Universidade Federal de Mato Grosso do Sul\",\"potentialAction\":[{\"@type\":\"SearchAction\",\"target\":{\"@type\":\"EntryPoint\",\"urlTemplate\":\"https:\/\/cpar.ufms.br\/?s={search_term_string}\"},\"query-input\":{\"@type\":\"PropertyValueSpecification\",\"valueRequired\":true,\"valueName\":\"search_term_string\"}}],\"inLanguage\":\"en-US\"}]}<\/script>\n<!-- \/ Yoast SEO plugin. -->","yoast_head_json":{"title":"SEMEX.CPAR - 2 - CPAR - Campus de Parana\u00edba","robots":{"index":"index","follow":"follow","max-snippet":"max-snippet:-1","max-image-preview":"max-image-preview:large","max-video-preview":"max-video-preview:-1"},"canonical":"https:\/\/cpar.ufms.br\/files\/2019\/09\/SEMEX.CPAR-2.jpg","og_locale":"en_US","og_type":"article","og_title":"SEMEX.CPAR - 2 - CPAR - Campus de Parana\u00edba","og_url":"https:\/\/cpar.ufms.br\/files\/2019\/09\/SEMEX.CPAR-2.jpg","og_site_name":"CPAR - Campus de Parana\u00edba","og_image":[{"width":1588,"height":2246,"url":"https:\/\/cpar.ufms.br\/files\/2019\/09\/SEMEX.CPAR-2.jpg","type":"image\/jpeg"}],"twitter_misc":{"Written by":"leonardo.chaves"},"schema":{"@context":"https:\/\/schema.org","@graph":[{"@type":"WebPage","@id":"https:\/\/cpar.ufms.br\/files\/2019\/09\/SEMEX.CPAR-2.jpg","url":"https:\/\/cpar.ufms.br\/files\/2019\/09\/SEMEX.CPAR-2.jpg","name":"SEMEX.CPAR - 2 - CPAR - Campus de Parana\u00edba","isPartOf":{"@id":"https:\/\/cpar.ufms.br\/#website"},"datePublished":"2019-09-13T12:36:25+00:00","breadcrumb":{"@id":"https:\/\/cpar.ufms.br\/files\/2019\/09\/SEMEX.CPAR-2.jpg#breadcrumb"},"inLanguage":"en-US","potentialAction":[{"@type":"ReadAction","target":["https:\/\/cpar.ufms.br\/files\/2019\/09\/SEMEX.CPAR-2.jpg"]}]},{"@type":"BreadcrumbList","@id":"https:\/\/cpar.ufms.br\/files\/2019\/09\/SEMEX.CPAR-2.jpg#breadcrumb","itemListElement":[{"@type":"ListItem","position":1,"name":"In\u00edcio","item":"https:\/\/cpar.ufms.br\/"},{"@type":"ListItem","position":2,"name":"Semana de Extens\u00e3o ser\u00e1 realizada no Campus de Parana\u00edba de 16 a 21 de setembro","item":"https:\/\/cpar.ufms.br\/semana-de-extensao-sera-realizada-no-campus-de-paranaiba-de-16-a-21-de-setembro\/"},{"@type":"ListItem","position":3,"name":"SEMEX.CPAR &#8211; 2"}]},{"@type":"WebSite","@id":"https:\/\/cpar.ufms.br\/#website","url":"https:\/\/cpar.ufms.br\/","name":"CPAR - Campus de Parana\u00edba","description":"Universidade Federal de Mato Grosso do Sul","potentialAction":[{"@type":"SearchAction","target":{"@type":"EntryPoint","urlTemplate":"https:\/\/cpar.ufms.br\/?s={search_term_string}"},"query-input":{"@type":"PropertyValueSpecification","valueRequired":true,"valueName":"search_term_string"}}],"inLanguage":"en-US"}]}},"description":{"rendered":"<p class=\"attachment\"><a href='https:\/\/cpar.ufms.br\/files\/2019\/09\/SEMEX.CPAR-2.jpg'><img fetchpriority=\"high\" decoding=\"async\" width=\"212\" height=\"300\" src=\"https:\/\/cpar.ufms.br\/files\/2019\/09\/SEMEX.CPAR-2-212x300.jpg\" class=\"attachment-medium size-medium\" alt=\"\" srcset=\"https:\/\/cpar.ufms.br\/files\/2019\/09\/SEMEX.CPAR-2-212x300.jpg 212w, https:\/\/cpar.ufms.br\/files\/2019\/09\/SEMEX.CPAR-2-768x1086.jpg 768w, https:\/\/cpar.ufms.br\/files\/2019\/09\/SEMEX.CPAR-2-724x1024.jpg 724w, https:\/\/cpar.ufms.br\/files\/2019\/09\/SEMEX.CPAR-2-226x320.jpg 226w, https:\/\/cpar.ufms.br\/files\/2019\/09\/SEMEX.CPAR-2.jpg 1588w\" sizes=\"(max-width: 212px) 100vw, 212px\" \/><\/a><\/p>\n"},"caption":{"rendered":""},"alt_text":"","media_type":"image","mime_type":"image\/jpeg","media_details":{"width":1588,"height":2246,"file":"2019\/09\/SEMEX.CPAR-2.jpg","sizes":{"thumbnail":{"file":"SEMEX.CPAR-2-150x150.jpg","width":150,"height":150,"mime_type":"image\/jpeg","source_url":"https:\/\/cpar.ufms.br\/files\/2019\/09\/SEMEX.CPAR-2-150x150.jpg"},"medium":{"file":"SEMEX.CPAR-2-212x300.jpg","width":212,"height":300,"mime_type":"image\/jpeg","source_url":"https:\/\/cpar.ufms.br\/files\/2019\/09\/SEMEX.CPAR-2-212x300.jpg"},"medium_large":{"file":"SEMEX.CPAR-2-768x1086.jpg","width":768,"height":1086,"mime_type":"image\/jpeg","source_url":"https:\/\/cpar.ufms.br\/files\/2019\/09\/SEMEX.CPAR-2-768x1086.jpg"},"large":{"file":"SEMEX.CPAR-2-724x1024.jpg","width":724,"height":1024,"mime_type":"image\/jpeg","source_url":"https:\/\/cpar.ufms.br\/files\/2019\/09\/SEMEX.CPAR-2-724x1024.jpg"},"post-thumbnail":{"file":"SEMEX.CPAR-2-226x320.jpg","width":226,"height":320,"mime_type":"image\/jpeg","source_url":"https:\/\/cpar.ufms.br\/files\/2019\/09\/SEMEX.CPAR-2-226x320.jpg"},"thumbnail-categoria":{"file":"SEMEX.CPAR-2-730x200.jpg","width":730,"height":200,"mime_type":"image\/jpeg","source_url":"https:\/\/cpar.ufms.br\/files\/2019\/09\/SEMEX.CPAR-2-730x200.jpg"},"content-img":{"file":"SEMEX.CPAR-2-738x330.jpg","width":738,"height":330,"mime_type":"image\/jpeg","source_url":"https:\/\/cpar.ufms.br\/files\/2019\/09\/SEMEX.CPAR-2-738x330.jpg"},"img-boxes":{"file":"SEMEX.CPAR-2-350x233.jpg","width":350,"height":233,"mime_type":"image\/jpeg","source_url":"https:\/\/cpar.ufms.br\/files\/2019\/09\/SEMEX.CPAR-2-350x233.jpg"},"img-2":{"file":"SEMEX.CPAR-2-350x233.jpg","width":350,"height":233,"mime_type":"image\/jpeg","source_url":"https:\/\/cpar.ufms.br\/files\/2019\/09\/SEMEX.CPAR-2-350x233.jpg"},"img-1":{"file":"SEMEX.CPAR-2-555x233.jpg","width":555,"height":233,"mime_type":"image\/jpeg","source_url":"https:\/\/cpar.ufms.br\/files\/2019\/09\/SEMEX.CPAR-2-555x233.jpg"},"full":{"file":"SEMEX.CPAR-2.jpg","width":1588,"height":2246,"mime_type":"image\/jpeg","source_url":"https:\/\/cpar.ufms.br\/files\/2019\/09\/SEMEX.CPAR-2.jpg"}},"image_meta":{"aperture":"0","credit":"","camera":"","caption":"","created_timestamp":"0","copyright":"","focal_length":"0","iso":"0","shutter_speed":"0","title":"","orientation":"1","keywords":[]}},"post":8818,"source_url":"https:\/\/cpar.ufms.br\/files\/2019\/09\/SEMEX.CPAR-2.jpg","_links":{"self":[{"href":"https:\/\/cpar.ufms.br\/en\/wp-json\/wp\/v2\/media\/8819","targetHints":{"allow":["GET"]}}],"collection":[{"href":"https:\/\/cpar.ufms.br\/en\/wp-json\/wp\/v2\/media"}],"about":[{"href":"https:\/\/cpar.ufms.br\/en\/wp-json\/wp\/v2\/types\/attachment"}],"author":[{"embeddable":true,"href":"https:\/\/cpar.ufms.br\/en\/wp-json\/wp\/v2\/users\/2862"}],"replies":[{"embeddable":true,"href":"https:\/\/cpar.ufms.br\/en\/wp-json\/wp\/v2\/comments?post=8819"}]}}

<!-- This site is optimized with the Yoast SEO plugin v26.2 - https://yoast.com/wordpress/plugins/seo/ -->
<title>SEMEX.CPAR - 2 - CPAR - Campus de Paranaíba</title>
<meta name="robots" content="index, follow, max-snippet:-1, max-image-preview:large, max-video-preview:-1" />
<link rel="canonical" href="https://cpar.ufms.br/files/2019/09/SEMEX.CPAR-2.jpg" />
<meta property="og:locale" content="en_US" />
<meta property="og:type" content="article" />
<meta property="og:title" content="SEMEX.CPAR - 2 - CPAR - Campus de Paranaíba" />
<meta property="og:url" content="https://cpar.ufms.br/files/2019/09/SEMEX.CPAR-2.jpg" />
<meta property="og:site_name" content="CPAR - Campus de Paranaíba" />
<meta property="og:image" content="https://cpar.ufms.br/files/2019/09/SEMEX.CPAR-2.jpg" />
	<meta property="og:image:width" content="1588" />
	<meta property="og:image:height" content="2246" />
	<meta property="og:image:type" content="image/jpeg" />
<meta name="twitter:label1" content="Written by" />
	<meta name="twitter:data1" content="leonardo.chaves" />
<script type="application/ld+json" class="yoast-schema-graph">{"@context":"https://schema.org","@graph":[{"@type":"WebPage","@id":"https://cpar.ufms.br/files/2019/09/SEMEX.CPAR-2.jpg","url":"https://cpar.ufms.br/files/2019/09/SEMEX.CPAR-2.jpg","name":"SEMEX.CPAR - 2 - CPAR - Campus de Paranaíba","isPartOf":{"@id":"https://cpar.ufms.br/#website"},"datePublished":"2019-09-13T12:36:25+00:00","breadcrumb":{"@id":"https://cpar.ufms.br/files/2019/09/SEMEX.CPAR-2.jpg#breadcrumb"},"inLanguage":"en-US","potentialAction":[{"@type":"ReadAction","target":["https://cpar.ufms.br/files/2019/09/SEMEX.CPAR-2.jpg"]}]},{"@type":"BreadcrumbList","@id":"https://cpar.ufms.br/files/2019/09/SEMEX.CPAR-2.jpg#breadcrumb","itemListElement":[{"@type":"ListItem","position":1,"name":"Início","item":"https://cpar.ufms.br/"},{"@type":"ListItem","position":2,"name":"Semana de Extensão será realizada no Campus de Paranaíba de 16 a 21 de setembro","item":"https://cpar.ufms.br/semana-de-extensao-sera-realizada-no-campus-de-paranaiba-de-16-a-21-de-setembro/"},{"@type":"ListItem","position":3,"name":"SEMEX.CPAR &#8211; 2"}]},{"@type":"WebSite","@id":"https://cpar.ufms.br/#website","url":"https://cpar.ufms.br/","name":"CPAR - Campus de Paranaíba","description":"Universidade Federal de Mato Grosso do Sul","potentialAction":[{"@type":"SearchAction","target":{"@type":"EntryPoint","urlTemplate":"https://cpar.ufms.br/?s={search_term_string}"},"query-input":{"@type":"PropertyValueSpecification","valueRequired":true,"valueName":"search_term_string"}}],"inLanguage":"en-US"}]}</script>
<!-- / Yoast SEO plugin. -->

SEMEX.CPAR - 2 - CPAR - Campus de Paranaíba

CPAR - Campus de Paranaíba

Início

Semana de Extensão será realizada no Campus de Paranaíba de 16 a 21 de setembro
