{"id":17335,"date":"2026-01-07T16:39:26","date_gmt":"2026-01-07T20:39:26","guid":{"rendered":"https:\/\/cpar.ufms.br\/?page_id=17335"},"modified":"2026-01-07T16:39:26","modified_gmt":"2026-01-07T20:39:26","slug":"coac-coordenacao-de-gestao-academica","status":"publish","type":"page","link":"https:\/\/cpar.ufms.br\/en\/institucional\/coac-coordenacao-de-gestao-academica\/","title":{"rendered":"COAC &#8211; Coordena\u00e7\u00e3o de Gest\u00e3o Acad\u00eamica"},"content":{"rendered":"<p>A Coordena\u00e7\u00e3o de Gest\u00e3o Acad\u00eamica \u00e9 respons\u00e1vel pela coordena\u00e7\u00e3o das atividades de gest\u00e3o acad\u00eamica da Faed. Suas principais atribui\u00e7\u00f5es incluem assessorar a Dire\u00e7\u00e3o no planejamento das atividades acad\u00eamicas e de assist\u00eancia estudantil; coordenar processos como matr\u00edculas, emiss\u00e3o de diplomas e cola\u00e7\u00e3o de grau, al\u00e9m de orientar estudantes sobre normas institucionais. A unidade tamb\u00e9m gerencia requerimentos acad\u00eamicos quanto ao recebimento, tramita\u00e7\u00e3o e cumprimento de prazos fixados, e a emiss\u00e3o de documentos relacionados, colabora na elabora\u00e7\u00e3o do plano de capacita\u00e7\u00e3o de docentes, o plano de uso do espa\u00e7o f\u00edsico para as atividades acad\u00eamicas e coordenar o processo de agendamento dos espa\u00e7os. Coordena os trabalhos de secretaria, organiza\u00e7\u00e3o e demais processos de suporte \u00e0s coordena\u00e7\u00f5es de curso, colegiados, N\u00facleos Docente Estruturantes e demais comiss\u00f5es e programas existentes na faed, relacionadas \u00e0s atividades acad\u00eamicas. Al\u00e9m disso, divulga informa\u00e7\u00f5es sobre pesquisa, ensino e extens\u00e3o, entre outras atividades relacionadas \u00e0 gest\u00e3o acad\u00eamica.<\/p>\n<hr \/>\n<h4>Coordena\u00e7\u00e3o de Gest\u00e3o Acad\u00eamica<\/h4>\n<p><em>Aur\u00e9lio Mateus Ara\u00fajo Souza<\/em><br \/>\nAssistente em Administra\u00e7\u00e3o<br \/>\n<em>Coordenador de Gest\u00e3o Acad\u00eamica<\/em><br \/>\n(37)3669-0165<\/p>\n<p><strong>Hor\u00e1rio de atendimento<\/strong><br \/>\nSegunda a sexta-feira: 7h \u00e0s 11h e das 13h \u00e0s 17h<\/p>\n<p>&nbsp;<\/p>\n<p>&nbsp;<\/p>\n<p>&nbsp;<\/p>\n","protected":false},"excerpt":{"rendered":"<p>A Coordena\u00e7\u00e3o de Gest\u00e3o Acad\u00eamica \u00e9 respons\u00e1vel pela coordena\u00e7\u00e3o das atividades de gest\u00e3o acad\u00eamica da Faed. Suas principais atribui\u00e7\u00f5es incluem assessorar a Dire\u00e7\u00e3o no planejamento das atividades acad\u00eamicas e de assist\u00eancia estudantil; coordenar processos como matr\u00edculas, emiss\u00e3o de diplomas e cola\u00e7\u00e3o de grau, al\u00e9m de orientar estudantes sobre normas institucionais. A unidade tamb\u00e9m gerencia requerimentos [&hellip;]<\/p>\n","protected":false},"author":26785,"featured_media":0,"parent":346,"menu_order":0,"comment_status":"closed","ping_status":"closed","template":"","meta":{"footnotes":""},"coauthors":[375],"class_list":["post-17335","page","type-page","status-publish","hentry"],"yoast_head":"<!-- This site is optimized with the Yoast SEO plugin v26.2 - https:\/\/yoast.com\/wordpress\/plugins\/seo\/ -->\n<title>COAC - Coordena\u00e7\u00e3o de Gest\u00e3o Acad\u00eamica - CPAR - Campus de Parana\u00edba<\/title>\n<meta name=\"robots\" content=\"index, follow, max-snippet:-1, max-image-preview:large, max-video-preview:-1\" \/>\n<link rel=\"canonical\" href=\"https:\/\/cpar.ufms.br\/institucional\/coac-coordenacao-de-gestao-academica\/\" \/>\n<meta property=\"og:locale\" content=\"en_US\" \/>\n<meta property=\"og:type\" content=\"article\" \/>\n<meta property=\"og:title\" content=\"COAC - Coordena\u00e7\u00e3o de Gest\u00e3o Acad\u00eamica - CPAR - Campus de Parana\u00edba\" \/>\n<meta property=\"og:description\" content=\"A Coordena\u00e7\u00e3o de Gest\u00e3o Acad\u00eamica \u00e9 respons\u00e1vel pela coordena\u00e7\u00e3o das atividades de gest\u00e3o acad\u00eamica da Faed. Suas principais atribui\u00e7\u00f5es incluem assessorar a Dire\u00e7\u00e3o no planejamento das atividades acad\u00eamicas e de assist\u00eancia estudantil; coordenar processos como matr\u00edculas, emiss\u00e3o de diplomas e cola\u00e7\u00e3o de grau, al\u00e9m de orientar estudantes sobre normas institucionais. A unidade tamb\u00e9m gerencia requerimentos [&hellip;]\" \/>\n<meta property=\"og:url\" content=\"https:\/\/cpar.ufms.br\/institucional\/coac-coordenacao-de-gestao-academica\/\" \/>\n<meta property=\"og:site_name\" content=\"CPAR - Campus de Parana\u00edba\" \/>\n<meta name=\"twitter:label1\" content=\"Est. reading time\" \/>\n\t<meta name=\"twitter:data1\" content=\"1 minute\" \/>\n\t<meta name=\"twitter:label2\" content=\"Written by\" \/>\n\t<meta name=\"twitter:data2\" content=\"Aurelio Mateus Araujo Souza\" \/>\n<script type=\"application\/ld+json\" class=\"yoast-schema-graph\">{\"@context\":\"https:\/\/schema.org\",\"@graph\":[{\"@type\":\"WebPage\",\"@id\":\"https:\/\/cpar.ufms.br\/institucional\/coac-coordenacao-de-gestao-academica\/\",\"url\":\"https:\/\/cpar.ufms.br\/institucional\/coac-coordenacao-de-gestao-academica\/\",\"name\":\"COAC - Coordena\u00e7\u00e3o de Gest\u00e3o Acad\u00eamica - CPAR - Campus de Parana\u00edba\",\"isPartOf\":{\"@id\":\"https:\/\/cpar.ufms.br\/#website\"},\"datePublished\":\"2026-01-07T20:39:26+00:00\",\"breadcrumb\":{\"@id\":\"https:\/\/cpar.ufms.br\/institucional\/coac-coordenacao-de-gestao-academica\/#breadcrumb\"},\"inLanguage\":\"en-US\",\"potentialAction\":[{\"@type\":\"ReadAction\",\"target\":[\"https:\/\/cpar.ufms.br\/institucional\/coac-coordenacao-de-gestao-academica\/\"]}]},{\"@type\":\"BreadcrumbList\",\"@id\":\"https:\/\/cpar.ufms.br\/institucional\/coac-coordenacao-de-gestao-academica\/#breadcrumb\",\"itemListElement\":[{\"@type\":\"ListItem\",\"position\":1,\"name\":\"In\u00edcio\",\"item\":\"https:\/\/cpar.ufms.br\/\"},{\"@type\":\"ListItem\",\"position\":2,\"name\":\"Institucional\",\"item\":\"https:\/\/cpar.ufms.br\/institucional\/\"},{\"@type\":\"ListItem\",\"position\":3,\"name\":\"COAC &#8211; Coordena\u00e7\u00e3o de Gest\u00e3o Acad\u00eamica\"}]},{\"@type\":\"WebSite\",\"@id\":\"https:\/\/cpar.ufms.br\/#website\",\"url\":\"https:\/\/cpar.ufms.br\/\",\"name\":\"CPAR - Campus de Parana\u00edba\",\"description\":\"Universidade Federal de Mato Grosso do Sul\",\"potentialAction\":[{\"@type\":\"SearchAction\",\"target\":{\"@type\":\"EntryPoint\",\"urlTemplate\":\"https:\/\/cpar.ufms.br\/?s={search_term_string}\"},\"query-input\":{\"@type\":\"PropertyValueSpecification\",\"valueRequired\":true,\"valueName\":\"search_term_string\"}}],\"inLanguage\":\"en-US\"}]}<\/script>\n<!-- \/ Yoast SEO plugin. -->","yoast_head_json":{"title":"COAC - Coordena\u00e7\u00e3o de Gest\u00e3o Acad\u00eamica - CPAR - Campus de Parana\u00edba","robots":{"index":"index","follow":"follow","max-snippet":"max-snippet:-1","max-image-preview":"max-image-preview:large","max-video-preview":"max-video-preview:-1"},"canonical":"https:\/\/cpar.ufms.br\/institucional\/coac-coordenacao-de-gestao-academica\/","og_locale":"en_US","og_type":"article","og_title":"COAC - Coordena\u00e7\u00e3o de Gest\u00e3o Acad\u00eamica - CPAR - Campus de Parana\u00edba","og_description":"A Coordena\u00e7\u00e3o de Gest\u00e3o Acad\u00eamica \u00e9 respons\u00e1vel pela coordena\u00e7\u00e3o das atividades de gest\u00e3o acad\u00eamica da Faed. Suas principais atribui\u00e7\u00f5es incluem assessorar a Dire\u00e7\u00e3o no planejamento das atividades acad\u00eamicas e de assist\u00eancia estudantil; coordenar processos como matr\u00edculas, emiss\u00e3o de diplomas e cola\u00e7\u00e3o de grau, al\u00e9m de orientar estudantes sobre normas institucionais. A unidade tamb\u00e9m gerencia requerimentos [&hellip;]","og_url":"https:\/\/cpar.ufms.br\/institucional\/coac-coordenacao-de-gestao-academica\/","og_site_name":"CPAR - Campus de Parana\u00edba","twitter_misc":{"Est. reading time":"1 minute","Written by":"Aurelio Mateus Araujo Souza"},"schema":{"@context":"https:\/\/schema.org","@graph":[{"@type":"WebPage","@id":"https:\/\/cpar.ufms.br\/institucional\/coac-coordenacao-de-gestao-academica\/","url":"https:\/\/cpar.ufms.br\/institucional\/coac-coordenacao-de-gestao-academica\/","name":"COAC - Coordena\u00e7\u00e3o de Gest\u00e3o Acad\u00eamica - CPAR - Campus de Parana\u00edba","isPartOf":{"@id":"https:\/\/cpar.ufms.br\/#website"},"datePublished":"2026-01-07T20:39:26+00:00","breadcrumb":{"@id":"https:\/\/cpar.ufms.br\/institucional\/coac-coordenacao-de-gestao-academica\/#breadcrumb"},"inLanguage":"en-US","potentialAction":[{"@type":"ReadAction","target":["https:\/\/cpar.ufms.br\/institucional\/coac-coordenacao-de-gestao-academica\/"]}]},{"@type":"BreadcrumbList","@id":"https:\/\/cpar.ufms.br\/institucional\/coac-coordenacao-de-gestao-academica\/#breadcrumb","itemListElement":[{"@type":"ListItem","position":1,"name":"In\u00edcio","item":"https:\/\/cpar.ufms.br\/"},{"@type":"ListItem","position":2,"name":"Institucional","item":"https:\/\/cpar.ufms.br\/institucional\/"},{"@type":"ListItem","position":3,"name":"COAC &#8211; Coordena\u00e7\u00e3o de Gest\u00e3o Acad\u00eamica"}]},{"@type":"WebSite","@id":"https:\/\/cpar.ufms.br\/#website","url":"https:\/\/cpar.ufms.br\/","name":"CPAR - Campus de Parana\u00edba","description":"Universidade Federal de Mato Grosso do Sul","potentialAction":[{"@type":"SearchAction","target":{"@type":"EntryPoint","urlTemplate":"https:\/\/cpar.ufms.br\/?s={search_term_string}"},"query-input":{"@type":"PropertyValueSpecification","valueRequired":true,"valueName":"search_term_string"}}],"inLanguage":"en-US"}]}},"_links":{"self":[{"href":"https:\/\/cpar.ufms.br\/en\/wp-json\/wp\/v2\/pages\/17335","targetHints":{"allow":["GET"]}}],"collection":[{"href":"https:\/\/cpar.ufms.br\/en\/wp-json\/wp\/v2\/pages"}],"about":[{"href":"https:\/\/cpar.ufms.br\/en\/wp-json\/wp\/v2\/types\/page"}],"author":[{"embeddable":true,"href":"https:\/\/cpar.ufms.br\/en\/wp-json\/wp\/v2\/users\/26785"}],"replies":[{"embeddable":true,"href":"https:\/\/cpar.ufms.br\/en\/wp-json\/wp\/v2\/comments?post=17335"}],"version-history":[{"count":1,"href":"https:\/\/cpar.ufms.br\/en\/wp-json\/wp\/v2\/pages\/17335\/revisions"}],"predecessor-version":[{"id":17336,"href":"https:\/\/cpar.ufms.br\/en\/wp-json\/wp\/v2\/pages\/17335\/revisions\/17336"}],"up":[{"embeddable":true,"href":"https:\/\/cpar.ufms.br\/en\/wp-json\/wp\/v2\/pages\/346"}],"wp:attachment":[{"href":"https:\/\/cpar.ufms.br\/en\/wp-json\/wp\/v2\/media?parent=17335"}],"wp:term":[{"taxonomy":"author","embeddable":true,"href":"https:\/\/cpar.ufms.br\/en\/wp-json\/wp\/v2\/coauthors?post=17335"}],"curies":[{"name":"wp","href":"https:\/\/api.w.org\/{rel}","templated":true}]}}

COAC &#8211; Coordenação de Gestão Acadêmica

<p>A Coordenação de Gestão Acadêmica é responsável pela coordenação das atividades de gestão acadêmica da Faed. Suas principais atribuições incluem assessorar a Direção no planejamento das atividades acadêmicas e de assistência estudantil; coordenar processos como matrículas, emissão de diplomas e colação de grau, além de orientar estudantes sobre normas institucionais. A unidade também gerencia requerimentos acadêmicos quanto ao recebimento, tramitação e cumprimento de prazos fixados, e a emissão de documentos relacionados, colabora na elaboração do plano de capacitação de docentes, o plano de uso do espaço físico para as atividades acadêmicas e coordenar o processo de agendamento dos espaços. Coordena os trabalhos de secretaria, organização e demais processos de suporte às coordenações de curso, colegiados, Núcleos Docente Estruturantes e demais comissões e programas existentes na faed, relacionadas às atividades acadêmicas. Além disso, divulga informações sobre pesquisa, ensino e extensão, entre outras atividades relacionadas à gestão acadêmica.</p>
<hr />
<h4>Coordenação de Gestão Acadêmica</h4>
<p><em>Aurélio Mateus Araújo Souza</em><br />
Assistente em Administração<br />
<em>Coordenador de Gestão Acadêmica</em><br />
(37)3669-0165</p>
<p><strong>Horário de atendimento</strong><br />
Segunda a sexta-feira: 7h às 11h e das 13h às 17h</p>
<p>&nbsp;</p>
<p>&nbsp;</p>
<p>&nbsp;</p>

<p>A Coordenação de Gestão Acadêmica é responsável pela coordenação das atividades de gestão acadêmica da Faed. Suas principais atribuições incluem assessorar a Direção no planejamento das atividades acadêmicas e de assistência estudantil; coordenar processos como matrículas, emissão de diplomas e colação de grau, além de orientar estudantes sobre normas institucionais. A unidade também gerencia requerimentos [&hellip;]</p>

<!-- This site is optimized with the Yoast SEO plugin v26.2 - https://yoast.com/wordpress/plugins/seo/ -->
<title>COAC - Coordenação de Gestão Acadêmica - CPAR - Campus de Paranaíba</title>
<meta name="robots" content="index, follow, max-snippet:-1, max-image-preview:large, max-video-preview:-1" />
<link rel="canonical" href="https://cpar.ufms.br/institucional/coac-coordenacao-de-gestao-academica/" />
<meta property="og:locale" content="en_US" />
<meta property="og:type" content="article" />
<meta property="og:title" content="COAC - Coordenação de Gestão Acadêmica - CPAR - Campus de Paranaíba" />
<meta property="og:description" content="A Coordenação de Gestão Acadêmica é responsável pela coordenação das atividades de gestão acadêmica da Faed. Suas principais atribuições incluem assessorar a Direção no planejamento das atividades acadêmicas e de assistência estudantil; coordenar processos como matrículas, emissão de diplomas e colação de grau, além de orientar estudantes sobre normas institucionais. A unidade também gerencia requerimentos [&hellip;]" />
<meta property="og:url" content="https://cpar.ufms.br/institucional/coac-coordenacao-de-gestao-academica/" />
<meta property="og:site_name" content="CPAR - Campus de Paranaíba" />
<meta name="twitter:label1" content="Est. reading time" />
	<meta name="twitter:data1" content="1 minute" />
	<meta name="twitter:label2" content="Written by" />
	<meta name="twitter:data2" content="Aurelio Mateus Araujo Souza" />
<script type="application/ld+json" class="yoast-schema-graph">{"@context":"https://schema.org","@graph":[{"@type":"WebPage","@id":"https://cpar.ufms.br/institucional/coac-coordenacao-de-gestao-academica/","url":"https://cpar.ufms.br/institucional/coac-coordenacao-de-gestao-academica/","name":"COAC - Coordenação de Gestão Acadêmica - CPAR - Campus de Paranaíba","isPartOf":{"@id":"https://cpar.ufms.br/#website"},"datePublished":"2026-01-07T20:39:26+00:00","breadcrumb":{"@id":"https://cpar.ufms.br/institucional/coac-coordenacao-de-gestao-academica/#breadcrumb"},"inLanguage":"en-US","potentialAction":[{"@type":"ReadAction","target":["https://cpar.ufms.br/institucional/coac-coordenacao-de-gestao-academica/"]}]},{"@type":"BreadcrumbList","@id":"https://cpar.ufms.br/institucional/coac-coordenacao-de-gestao-academica/#breadcrumb","itemListElement":[{"@type":"ListItem","position":1,"name":"Início","item":"https://cpar.ufms.br/"},{"@type":"ListItem","position":2,"name":"Institucional","item":"https://cpar.ufms.br/institucional/"},{"@type":"ListItem","position":3,"name":"COAC &#8211; Coordenação de Gestão Acadêmica"}]},{"@type":"WebSite","@id":"https://cpar.ufms.br/#website","url":"https://cpar.ufms.br/","name":"CPAR - Campus de Paranaíba","description":"Universidade Federal de Mato Grosso do Sul","potentialAction":[{"@type":"SearchAction","target":{"@type":"EntryPoint","urlTemplate":"https://cpar.ufms.br/?s={search_term_string}"},"query-input":{"@type":"PropertyValueSpecification","valueRequired":true,"valueName":"search_term_string"}}],"inLanguage":"en-US"}]}</script>
<!-- / Yoast SEO plugin. -->

COAC - Coordenação de Gestão Acadêmica - CPAR - Campus de Paranaíba

A Coordenação de Gestão Acadêmica é responsável pela coordenação das atividades de gestão acadêmica da Faed. Suas principais atribuições incluem assessorar a Direção no planejamento das atividades acadêmicas e de assistência estudantil; coordenar processos como matrículas, emissão de diplomas e colação de grau, além de orientar estudantes sobre normas institucionais. A unidade também gerencia requerimentos [&hellip;]

CPAR - Campus de Paranaíba

Início
