{"id":7492,"date":"2018-09-24T15:52:25","date_gmt":"2018-09-24T19:52:25","guid":{"rendered":"https:\/\/cpar.ufms.br\/?page_id=7492"},"modified":"2022-03-09T11:10:57","modified_gmt":"2022-03-09T15:10:57","slug":"agendamento","status":"publish","type":"page","link":"https:\/\/cpar.ufms.br\/en\/institucional\/agendamento\/","title":{"rendered":"Agendamento de Espa\u00e7os F\u00edsicos do CPAR"},"content":{"rendered":"<div><\/div>\n<div>Favor atentar-se para as normas e valores do uso do espa\u00e7o f\u00edsico no \u00e2mbito da Funda\u00e7\u00e3o Universidade Federal de Mato Grosso do Sul.<\/div>\n<div><\/div>\n<div><a href=\"https:\/\/cpar.ufms.br\/files\/2018\/09\/RESOLUCAO-CD-n-134.2017-Uso-dos-espacos-fisicos-da-UFMS.pdf\">RESOLUCAO (CD) n 134.2017 &#8211; Uso dos espacos fisicos da UFMS<\/a><\/div>\n<div><\/div>\n<div><\/div>\n<div>Para agendar um espa\u00e7o f\u00edsico do CPAR acesse o sistema de agendamento de espa\u00e7os f\u00edsicos da UFMS:<\/div>\n<div><\/div>\n<hr \/>\n<div><a href=\"https:\/\/agendamentos.ufms.br\"><img fetchpriority=\"high\" decoding=\"async\" class=\"aligncenter wp-image-13085\" src=\"https:\/\/cpar.ufms.br\/files\/2022\/03\/agendamento-300x106.png\" alt=\"\" width=\"679\" height=\"240\" srcset=\"https:\/\/cpar.ufms.br\/files\/2022\/03\/agendamento-300x106.png 300w, https:\/\/cpar.ufms.br\/files\/2022\/03\/agendamento-1024x363.png 1024w, https:\/\/cpar.ufms.br\/files\/2022\/03\/agendamento-768x272.png 768w, https:\/\/cpar.ufms.br\/files\/2022\/03\/agendamento-730x259.png 730w, https:\/\/cpar.ufms.br\/files\/2022\/03\/agendamento.png 1134w\" sizes=\"(max-width: 679px) 100vw, 679px\" \/><\/a><\/div>\n<div><\/div>\n<div><\/div>\n","protected":false},"excerpt":{"rendered":"<p>Favor atentar-se para as normas e valores do uso do espa\u00e7o f\u00edsico no \u00e2mbito da Funda\u00e7\u00e3o Universidade Federal de Mato Grosso do Sul. RESOLUCAO (CD) n 134.2017 &#8211; Uso dos espacos fisicos da UFMS Para agendar um espa\u00e7o f\u00edsico do CPAR acesse o sistema de agendamento de espa\u00e7os f\u00edsicos da UFMS:<\/p>\n","protected":false},"author":1381,"featured_media":0,"parent":346,"menu_order":0,"comment_status":"closed","ping_status":"closed","template":"page-templates\/page-coordenadorias.php","meta":{"footnotes":""},"coauthors":[],"class_list":["post-7492","page","type-page","status-publish","hentry"],"yoast_head":"<!-- This site is optimized with the Yoast SEO plugin v26.2 - https:\/\/yoast.com\/wordpress\/plugins\/seo\/ -->\n<title>Agendamento de Espa\u00e7os F\u00edsicos do CPAR - CPAR - Campus de Parana\u00edba<\/title>\n<meta name=\"robots\" content=\"index, follow, max-snippet:-1, max-image-preview:large, max-video-preview:-1\" \/>\n<link rel=\"canonical\" href=\"https:\/\/cpar.ufms.br\/institucional\/agendamento\/\" \/>\n<meta property=\"og:locale\" content=\"en_US\" \/>\n<meta property=\"og:type\" content=\"article\" \/>\n<meta property=\"og:title\" content=\"Agendamento de Espa\u00e7os F\u00edsicos do CPAR - CPAR - Campus de Parana\u00edba\" \/>\n<meta property=\"og:description\" content=\"Favor atentar-se para as normas e valores do uso do espa\u00e7o f\u00edsico no \u00e2mbito da Funda\u00e7\u00e3o Universidade Federal de Mato Grosso do Sul. RESOLUCAO (CD) n 134.2017 &#8211; Uso dos espacos fisicos da UFMS Para agendar um espa\u00e7o f\u00edsico do CPAR acesse o sistema de agendamento de espa\u00e7os f\u00edsicos da UFMS:\" \/>\n<meta property=\"og:url\" content=\"https:\/\/cpar.ufms.br\/institucional\/agendamento\/\" \/>\n<meta property=\"og:site_name\" content=\"CPAR - Campus de Parana\u00edba\" \/>\n<meta property=\"article:modified_time\" content=\"2022-03-09T15:10:57+00:00\" \/>\n<meta property=\"og:image\" content=\"https:\/\/cpar.ufms.br\/files\/2022\/03\/agendamento-300x106.png\" \/>\n<meta name=\"twitter:label1\" content=\"Est. reading time\" \/>\n\t<meta name=\"twitter:data1\" content=\"1 minute\" \/>\n\t<meta name=\"twitter:label2\" content=\"Written by\" \/>\n\t<meta name=\"twitter:data2\" content=\"dirceu.matos\" \/>\n<script type=\"application\/ld+json\" class=\"yoast-schema-graph\">{\"@context\":\"https:\/\/schema.org\",\"@graph\":[{\"@type\":\"WebPage\",\"@id\":\"https:\/\/cpar.ufms.br\/institucional\/agendamento\/\",\"url\":\"https:\/\/cpar.ufms.br\/institucional\/agendamento\/\",\"name\":\"Agendamento de Espa\u00e7os F\u00edsicos do CPAR - CPAR - Campus de Parana\u00edba\",\"isPartOf\":{\"@id\":\"https:\/\/cpar.ufms.br\/#website\"},\"primaryImageOfPage\":{\"@id\":\"https:\/\/cpar.ufms.br\/institucional\/agendamento\/#primaryimage\"},\"image\":{\"@id\":\"https:\/\/cpar.ufms.br\/institucional\/agendamento\/#primaryimage\"},\"thumbnailUrl\":\"https:\/\/cpar.ufms.br\/files\/2022\/03\/agendamento-300x106.png\",\"datePublished\":\"2018-09-24T19:52:25+00:00\",\"dateModified\":\"2022-03-09T15:10:57+00:00\",\"breadcrumb\":{\"@id\":\"https:\/\/cpar.ufms.br\/institucional\/agendamento\/#breadcrumb\"},\"inLanguage\":\"en-US\",\"potentialAction\":[{\"@type\":\"ReadAction\",\"target\":[\"https:\/\/cpar.ufms.br\/institucional\/agendamento\/\"]}]},{\"@type\":\"ImageObject\",\"inLanguage\":\"en-US\",\"@id\":\"https:\/\/cpar.ufms.br\/institucional\/agendamento\/#primaryimage\",\"url\":\"https:\/\/cpar.ufms.br\/files\/2022\/03\/agendamento-300x106.png\",\"contentUrl\":\"https:\/\/cpar.ufms.br\/files\/2022\/03\/agendamento-300x106.png\"},{\"@type\":\"BreadcrumbList\",\"@id\":\"https:\/\/cpar.ufms.br\/institucional\/agendamento\/#breadcrumb\",\"itemListElement\":[{\"@type\":\"ListItem\",\"position\":1,\"name\":\"In\u00edcio\",\"item\":\"https:\/\/cpar.ufms.br\/\"},{\"@type\":\"ListItem\",\"position\":2,\"name\":\"Institucional\",\"item\":\"https:\/\/cpar.ufms.br\/institucional\/\"},{\"@type\":\"ListItem\",\"position\":3,\"name\":\"Agendamento de Espa\u00e7os F\u00edsicos do CPAR\"}]},{\"@type\":\"WebSite\",\"@id\":\"https:\/\/cpar.ufms.br\/#website\",\"url\":\"https:\/\/cpar.ufms.br\/\",\"name\":\"CPAR - Campus de Parana\u00edba\",\"description\":\"Universidade Federal de Mato Grosso do Sul\",\"potentialAction\":[{\"@type\":\"SearchAction\",\"target\":{\"@type\":\"EntryPoint\",\"urlTemplate\":\"https:\/\/cpar.ufms.br\/?s={search_term_string}\"},\"query-input\":{\"@type\":\"PropertyValueSpecification\",\"valueRequired\":true,\"valueName\":\"search_term_string\"}}],\"inLanguage\":\"en-US\"}]}<\/script>\n<!-- \/ Yoast SEO plugin. -->","yoast_head_json":{"title":"Agendamento de Espa\u00e7os F\u00edsicos do CPAR - CPAR - Campus de Parana\u00edba","robots":{"index":"index","follow":"follow","max-snippet":"max-snippet:-1","max-image-preview":"max-image-preview:large","max-video-preview":"max-video-preview:-1"},"canonical":"https:\/\/cpar.ufms.br\/institucional\/agendamento\/","og_locale":"en_US","og_type":"article","og_title":"Agendamento de Espa\u00e7os F\u00edsicos do CPAR - CPAR - Campus de Parana\u00edba","og_description":"Favor atentar-se para as normas e valores do uso do espa\u00e7o f\u00edsico no \u00e2mbito da Funda\u00e7\u00e3o Universidade Federal de Mato Grosso do Sul. RESOLUCAO (CD) n 134.2017 &#8211; Uso dos espacos fisicos da UFMS Para agendar um espa\u00e7o f\u00edsico do CPAR acesse o sistema de agendamento de espa\u00e7os f\u00edsicos da UFMS:","og_url":"https:\/\/cpar.ufms.br\/institucional\/agendamento\/","og_site_name":"CPAR - Campus de Parana\u00edba","article_modified_time":"2022-03-09T15:10:57+00:00","og_image":[{"url":"https:\/\/cpar.ufms.br\/files\/2022\/03\/agendamento-300x106.png","type":"","width":"","height":""}],"twitter_misc":{"Est. reading time":"1 minute","Written by":"dirceu.matos"},"schema":{"@context":"https:\/\/schema.org","@graph":[{"@type":"WebPage","@id":"https:\/\/cpar.ufms.br\/institucional\/agendamento\/","url":"https:\/\/cpar.ufms.br\/institucional\/agendamento\/","name":"Agendamento de Espa\u00e7os F\u00edsicos do CPAR - CPAR - Campus de Parana\u00edba","isPartOf":{"@id":"https:\/\/cpar.ufms.br\/#website"},"primaryImageOfPage":{"@id":"https:\/\/cpar.ufms.br\/institucional\/agendamento\/#primaryimage"},"image":{"@id":"https:\/\/cpar.ufms.br\/institucional\/agendamento\/#primaryimage"},"thumbnailUrl":"https:\/\/cpar.ufms.br\/files\/2022\/03\/agendamento-300x106.png","datePublished":"2018-09-24T19:52:25+00:00","dateModified":"2022-03-09T15:10:57+00:00","breadcrumb":{"@id":"https:\/\/cpar.ufms.br\/institucional\/agendamento\/#breadcrumb"},"inLanguage":"en-US","potentialAction":[{"@type":"ReadAction","target":["https:\/\/cpar.ufms.br\/institucional\/agendamento\/"]}]},{"@type":"ImageObject","inLanguage":"en-US","@id":"https:\/\/cpar.ufms.br\/institucional\/agendamento\/#primaryimage","url":"https:\/\/cpar.ufms.br\/files\/2022\/03\/agendamento-300x106.png","contentUrl":"https:\/\/cpar.ufms.br\/files\/2022\/03\/agendamento-300x106.png"},{"@type":"BreadcrumbList","@id":"https:\/\/cpar.ufms.br\/institucional\/agendamento\/#breadcrumb","itemListElement":[{"@type":"ListItem","position":1,"name":"In\u00edcio","item":"https:\/\/cpar.ufms.br\/"},{"@type":"ListItem","position":2,"name":"Institucional","item":"https:\/\/cpar.ufms.br\/institucional\/"},{"@type":"ListItem","position":3,"name":"Agendamento de Espa\u00e7os F\u00edsicos do CPAR"}]},{"@type":"WebSite","@id":"https:\/\/cpar.ufms.br\/#website","url":"https:\/\/cpar.ufms.br\/","name":"CPAR - Campus de Parana\u00edba","description":"Universidade Federal de Mato Grosso do Sul","potentialAction":[{"@type":"SearchAction","target":{"@type":"EntryPoint","urlTemplate":"https:\/\/cpar.ufms.br\/?s={search_term_string}"},"query-input":{"@type":"PropertyValueSpecification","valueRequired":true,"valueName":"search_term_string"}}],"inLanguage":"en-US"}]}},"_links":{"self":[{"href":"https:\/\/cpar.ufms.br\/en\/wp-json\/wp\/v2\/pages\/7492","targetHints":{"allow":["GET"]}}],"collection":[{"href":"https:\/\/cpar.ufms.br\/en\/wp-json\/wp\/v2\/pages"}],"about":[{"href":"https:\/\/cpar.ufms.br\/en\/wp-json\/wp\/v2\/types\/page"}],"author":[{"embeddable":true,"href":"https:\/\/cpar.ufms.br\/en\/wp-json\/wp\/v2\/users\/1381"}],"replies":[{"embeddable":true,"href":"https:\/\/cpar.ufms.br\/en\/wp-json\/wp\/v2\/comments?post=7492"}],"version-history":[{"count":10,"href":"https:\/\/cpar.ufms.br\/en\/wp-json\/wp\/v2\/pages\/7492\/revisions"}],"predecessor-version":[{"id":13088,"href":"https:\/\/cpar.ufms.br\/en\/wp-json\/wp\/v2\/pages\/7492\/revisions\/13088"}],"up":[{"embeddable":true,"href":"https:\/\/cpar.ufms.br\/en\/wp-json\/wp\/v2\/pages\/346"}],"wp:attachment":[{"href":"https:\/\/cpar.ufms.br\/en\/wp-json\/wp\/v2\/media?parent=7492"}],"wp:term":[{"taxonomy":"author","embeddable":true,"href":"https:\/\/cpar.ufms.br\/en\/wp-json\/wp\/v2\/coauthors?post=7492"}],"curies":[{"name":"wp","href":"https:\/\/api.w.org\/{rel}","templated":true}]}}

Agendamento de Espaços Físicos do CPAR

<div></div>
<div>Favor atentar-se para as normas e valores do uso do espaço físico no âmbito da Fundação Universidade Federal de Mato Grosso do Sul.</div>
<div></div>
<div><a href="https://cpar.ufms.br/files/2018/09/RESOLUCAO-CD-n-134.2017-Uso-dos-espacos-fisicos-da-UFMS.pdf">RESOLUCAO (CD) n 134.2017 &#8211; Uso dos espacos fisicos da UFMS</a></div>
<div></div>
<div></div>
<div>Para agendar um espaço físico do CPAR acesse o sistema de agendamento de espaços físicos da UFMS:</div>
<div></div>
<hr />
<div><a href="https://agendamentos.ufms.br"><img fetchpriority="high" decoding="async" class="aligncenter wp-image-13085" src="https://cpar.ufms.br/files/2022/03/agendamento-300x106.png" alt="" width="679" height="240" srcset="https://cpar.ufms.br/files/2022/03/agendamento-300x106.png 300w, https://cpar.ufms.br/files/2022/03/agendamento-1024x363.png 1024w, https://cpar.ufms.br/files/2022/03/agendamento-768x272.png 768w, https://cpar.ufms.br/files/2022/03/agendamento-730x259.png 730w, https://cpar.ufms.br/files/2022/03/agendamento.png 1134w" sizes="(max-width: 679px) 100vw, 679px" /></a></div>
<div></div>
<div></div>

<p>Favor atentar-se para as normas e valores do uso do espaço físico no âmbito da Fundação Universidade Federal de Mato Grosso do Sul. RESOLUCAO (CD) n 134.2017 &#8211; Uso dos espacos fisicos da UFMS Para agendar um espaço físico do CPAR acesse o sistema de agendamento de espaços físicos da UFMS:</p>

<!-- This site is optimized with the Yoast SEO plugin v26.2 - https://yoast.com/wordpress/plugins/seo/ -->
<title>Agendamento de Espaços Físicos do CPAR - CPAR - Campus de Paranaíba</title>
<meta name="robots" content="index, follow, max-snippet:-1, max-image-preview:large, max-video-preview:-1" />
<link rel="canonical" href="https://cpar.ufms.br/institucional/agendamento/" />
<meta property="og:locale" content="en_US" />
<meta property="og:type" content="article" />
<meta property="og:title" content="Agendamento de Espaços Físicos do CPAR - CPAR - Campus de Paranaíba" />
<meta property="og:description" content="Favor atentar-se para as normas e valores do uso do espaço físico no âmbito da Fundação Universidade Federal de Mato Grosso do Sul. RESOLUCAO (CD) n 134.2017 &#8211; Uso dos espacos fisicos da UFMS Para agendar um espaço físico do CPAR acesse o sistema de agendamento de espaços físicos da UFMS:" />
<meta property="og:url" content="https://cpar.ufms.br/institucional/agendamento/" />
<meta property="og:site_name" content="CPAR - Campus de Paranaíba" />
<meta property="article:modified_time" content="2022-03-09T15:10:57+00:00" />
<meta property="og:image" content="https://cpar.ufms.br/files/2022/03/agendamento-300x106.png" />
<meta name="twitter:label1" content="Est. reading time" />
	<meta name="twitter:data1" content="1 minute" />
	<meta name="twitter:label2" content="Written by" />
	<meta name="twitter:data2" content="dirceu.matos" />
<script type="application/ld+json" class="yoast-schema-graph">{"@context":"https://schema.org","@graph":[{"@type":"WebPage","@id":"https://cpar.ufms.br/institucional/agendamento/","url":"https://cpar.ufms.br/institucional/agendamento/","name":"Agendamento de Espaços Físicos do CPAR - CPAR - Campus de Paranaíba","isPartOf":{"@id":"https://cpar.ufms.br/#website"},"primaryImageOfPage":{"@id":"https://cpar.ufms.br/institucional/agendamento/#primaryimage"},"image":{"@id":"https://cpar.ufms.br/institucional/agendamento/#primaryimage"},"thumbnailUrl":"https://cpar.ufms.br/files/2022/03/agendamento-300x106.png","datePublished":"2018-09-24T19:52:25+00:00","dateModified":"2022-03-09T15:10:57+00:00","breadcrumb":{"@id":"https://cpar.ufms.br/institucional/agendamento/#breadcrumb"},"inLanguage":"en-US","potentialAction":[{"@type":"ReadAction","target":["https://cpar.ufms.br/institucional/agendamento/"]}]},{"@type":"ImageObject","inLanguage":"en-US","@id":"https://cpar.ufms.br/institucional/agendamento/#primaryimage","url":"https://cpar.ufms.br/files/2022/03/agendamento-300x106.png","contentUrl":"https://cpar.ufms.br/files/2022/03/agendamento-300x106.png"},{"@type":"BreadcrumbList","@id":"https://cpar.ufms.br/institucional/agendamento/#breadcrumb","itemListElement":[{"@type":"ListItem","position":1,"name":"Início","item":"https://cpar.ufms.br/"},{"@type":"ListItem","position":2,"name":"Institucional","item":"https://cpar.ufms.br/institucional/"},{"@type":"ListItem","position":3,"name":"Agendamento de Espaços Físicos do CPAR"}]},{"@type":"WebSite","@id":"https://cpar.ufms.br/#website","url":"https://cpar.ufms.br/","name":"CPAR - Campus de Paranaíba","description":"Universidade Federal de Mato Grosso do Sul","potentialAction":[{"@type":"SearchAction","target":{"@type":"EntryPoint","urlTemplate":"https://cpar.ufms.br/?s={search_term_string}"},"query-input":{"@type":"PropertyValueSpecification","valueRequired":true,"valueName":"search_term_string"}}],"inLanguage":"en-US"}]}</script>
<!-- / Yoast SEO plugin. -->

Agendamento de Espaços Físicos do CPAR - CPAR - Campus de Paranaíba

Favor atentar-se para as normas e valores do uso do espaço físico no âmbito da Fundação Universidade Federal de Mato Grosso do Sul. RESOLUCAO (CD) n 134.2017 &#8211; Uso dos espacos fisicos da UFMS Para agendar um espaço físico do CPAR acesse o sistema de agendamento de espaços físicos da UFMS:

CPAR - Campus de Paranaíba

Início
